000
CDUS43 KDVN 180917
CLIDBQ


CLIMATE REPORT
NATIONAL WEATHER SERVICE QUAD CITIES IA IL
417 AM CDT SAT APR 18 2015


...................................

...THE DUBUQUE IA CLIMATE SUMMARY FOR APRIL 17 2015...

CLIMATE NORMAL PERIOD 1981 TO 2010
CLIMATE RECORD PERIOD 1873 TO 2015


WEATHER ITEM   OBSERVED TIME   RECORD YEAR NORMAL DEPARTURE LAST
                VALUE   (LST)  VALUE       VALUE  FROM      YEAR
                                                  NORMAL
..................................................................
TEMPERATURE (F)
 YESTERDAY
  MAXIMUM         78    403 PM  84    1977  59     19       52
                                      1896
  MINIMUM         47    504 AM  16    1875  38      9       33
  AVERAGE         63                        49     14       43

PRECIPITATION (IN)
  YESTERDAY        0.00          2.65 2013   0.13  -0.13     0.00
  MONTH TO DATE    0.98                      1.96  -0.98     3.71
  SINCE MAR 1      1.78                      4.37  -2.59     4.85
  SINCE JAN 1      4.07                      6.98  -2.91     7.33

SNOWFALL (IN)
  YESTERDAY        0.0          MM      MM   0.0    0.0      0.0
  MONTH TO DATE    0.0                       1.5   -1.5      0.7
  SINCE MAR 1      4.1                       7.8   -3.7     11.6
  SINCE JUL 1     33.7                      41.4   -7.7     63.3
  SNOW DEPTH       0

DEGREE DAYS
 HEATING
  YESTERDAY        2                        16    -14       22
  MONTH TO DATE  238                       330    -92      369
  SINCE MAR 1   1150                      1248    -98     1528
  SINCE JUL 1   6998                      6641    357     7904

 COOLING
  YESTERDAY        0                         0      0        0
  MONTH TO DATE    0                         0      0        0
  SINCE MAR 1      0                         0      0        0
  SINCE JAN 1      0                         0      0        0
..................................................................


WIND (MPH)
  HIGHEST WIND SPEED    13   HIGHEST WIND DIRECTION     W (270)
  HIGHEST GUST SPEED    17   HIGHEST GUST DIRECTION     W (280)
  AVERAGE WIND SPEED     3.0


SKY COVER
  POSSIBLE SUNSHINE  MM
  AVERAGE SKY COVER 0.4


WEATHER CONDITIONS
 THE FOLLOWING WEATHER WAS RECORDED YESTERDAY.
  NO SIGNIFICANT WEATHER WAS OBSERVED.


RELATIVE HUMIDITY (PERCENT)
 HIGHEST    80           500 AM
 LOWEST     33           300 PM
 AVERAGE    57

..........................................................


THE DUBUQUE IA CLIMATE NORMALS FOR TODAY
                         NORMAL    RECORD    YEAR
 MAXIMUM TEMPERATURE (F)   60        86      1985
 MINIMUM TEMPERATURE (F)   39        21      1983


SUNRISE AND SUNSET
APRIL 18 2015.........SUNRISE   617 AM CDT   SUNSET   748 PM CDT
APRIL 19 2015.........SUNRISE   616 AM CDT   SUNSET   749 PM CDT


-  INDICATES NEGATIVE NUMBERS.
R  INDICATES RECORD WAS SET OR TIED.
MM INDICATES DATA IS MISSING.
T  INDICATES TRACE AMOUNT.




$$
