000
CDUS41 KALY 020624
CLIDDH


CLIMATE REPORT
NATIONAL WEATHER SERVICE ALBANY NY
223 AM EDT THU APR 2 2015


...................................

...THE BENNINGTON VT CLIMATE SUMMARY FOR APRIL 1 2015...

CLIMATE NORMAL PERIOD 1981 TO 2010
CLIMATE RECORD PERIOD 9999 TO 9999


WEATHER ITEM   OBSERVED TIME   NORMAL DEPARTURE LAST
                VALUE   (LST)  VALUE  FROM      YEAR
                                      NORMAL
......................................................
TEMPERATURE (F)
 YESTERDAY
  MAXIMUM         43    426 PM  50     -7       50
  MINIMUM         20    618 AM  29     -9       26
  AVERAGE         32            40     -8       38

PRECIPITATION (IN)
  YESTERDAY        0.00          0.13  -0.13     0.00
  MONTH TO DATE    0.00          0.13  -0.13     0.00
  SINCE MAR 1      1.14          3.28  -2.14     2.15
  SINCE JAN 1      4.55          8.27  -3.72     8.01

DEGREE DAYS
 HEATING
  YESTERDAY       33            25      8       27
  MONTH TO DATE   33            25      8       27
  SINCE MAR 1   1204          1009    195     1185
  SINCE JUL 1   6706          6260    446     6433

 COOLING
  YESTERDAY        0             0      0        0
  MONTH TO DATE    0             0      0        0
  SINCE MAR 1      0             0      0        0
  SINCE JAN 1      0             0      0        0
......................................................


WIND (MPH)
  HIGHEST WIND SPEED    13   HIGHEST WIND DIRECTION     W (250)
  HIGHEST GUST SPEED    25   HIGHEST GUST DIRECTION    SW (220)
  AVERAGE WIND SPEED     4.7


SKY COVER
  AVERAGE SKY COVER 0.0



RELATIVE HUMIDITY (PERCENT)
 HIGHEST    68          1200 AM
 LOWEST     22           500 PM
 AVERAGE    45

..........................................................


THE BENNINGTON VT CLIMATE NORMALS FOR TODAY
                         NORMAL
 MAXIMUM TEMPERATURE (F)   51
 MINIMUM TEMPERATURE (F)   29


SUNRISE AND SUNSET
APRIL  2 2015.........SUNRISE   634 AM EDT   SUNSET   720 PM EDT
APRIL  3 2015.........SUNRISE   632 AM EDT   SUNSET   721 PM EDT


-  INDICATES NEGATIVE NUMBERS.
R  INDICATES RECORD WAS SET OR TIED.
MM INDICATES DATA IS MISSING.
T  INDICATES TRACE AMOUNT.




$$
