000
CDUS45 KBOU 070807
CLIDEN


CLIMATE REPORT
NATIONAL WEATHER SERVICE DENVER CO
205 AM MDT THU MAY 7 2015


...................................

...THE DENVER CO CLIMATE SUMMARY FOR MAY 6 2015...

CLIMATE NORMAL PERIOD 1981 TO 2010
CLIMATE RECORD PERIOD 1872 TO 2015


WEATHER ITEM   OBSERVED TIME   RECORD YEAR NORMAL DEPARTURE LAST
                VALUE   (LST)  VALUE       VALUE  FROM      YEAR
                                                  NORMAL
..................................................................
TEMPERATURE (F)
 YESTERDAY
  MAXIMUM         65    248 PM  86    1963  68     -3       77
                                      1875
  MINIMUM         47   1159 PM  23    1917  39      8       50
  AVERAGE         56                        54      2       64

PRECIPITATION (IN)
  YESTERDAY        0.20          3.27 1973   0.07   0.13     0.00
  MONTH TO DATE    0.66                      0.42   0.24     0.00
  SINCE MAR 1      4.10                      3.05   1.05     2.07
  SINCE JAN 1      5.73                      3.83   1.90     3.20

SNOWFALL (IN)
  YESTERDAY        0.0
  MONTH TO DATE      0
  SINCE MAR 1      8.2
  SINCE JUL 1     53.8
  SNOW DEPTH       0


DEGREE DAYS
 HEATING
  YESTERDAY        9                        12     -3        1
  MONTH TO DATE   48                        75    -27       26
  SINCE MAR 1   1140                      1367   -227     1237
  SINCE JUL 1   5253                      5806   -553     5756

 COOLING
  YESTERDAY        0                         0      0        0
  MONTH TO DATE    0                         0      0        5
  SINCE MAR 1      0                         1     -1        5
  SINCE JAN 1      0                         1     -1        5
..................................................................


WIND (MPH)
  HIGHEST WIND SPEED    26   HIGHEST WIND DIRECTION    NW (320)
  HIGHEST GUST SPEED    34   HIGHEST GUST DIRECTION    NW (310)
  AVERAGE WIND SPEED     7.6


SKY COVER **
  POSSIBLE SUNSHINE  MM
  AVERAGE SKY COVER 0.9


WEATHER CONDITIONS
 THE FOLLOWING WEATHER WAS RECORDED YESTERDAY.
  THUNDERSTORM
  RAIN
  LIGHT RAIN
  FOG


RELATIVE HUMIDITY (PERCENT)
 HIGHEST    93           200 AM
 LOWEST     52           200 PM
 AVERAGE    73

..........................................................


THE DENVER CO CLIMATE NORMALS FOR TODAY
                         NORMAL    RECORD    YEAR
 MAXIMUM TEMPERATURE (F)   68        87      1989
                                             1874
 MINIMUM TEMPERATURE (F)   40        23      1978


SUNRISE AND SUNSET
MAY  7 2015...........SUNRISE   552 AM MST   SUNSET   758 PM MST
MAY  8 2015...........SUNRISE   551 AM MST   SUNSET   759 PM MST


-  INDICATES NEGATIVE NUMBERS.
R  INDICATES RECORD WAS SET OR TIED.
MM INDICATES DATA IS MISSING.
T  INDICATES TRACE AMOUNT.

&&

** SUNSHINE DATA WILL NO LONGER BE AVAILABLE EFFECTIVE OCTOBER 1ST 2009.




$$
