000
CDUS44 KAMA 281436
CLIDHT


CLIMATE REPORT
NATIONAL WEATHER SERVICE AMARILLO TX
936 AM CDT TUE APR 28 2015


...................................

...THE DALHART CLIMATE SUMMARY FOR APRIL 28 2015...
VALID AS OF 0900 AM LOCAL TIME.

CLIMATE NORMAL PERIOD 1981 TO 2010
CLIMATE RECORD PERIOD 1894 TO 2015


WEATHER ITEM   OBSERVED TIME   RECORD YEAR NORMAL DEPARTURE LAST
                VALUE   (LST)  VALUE       VALUE  FROM      YEAR
                                                  NORMAL
..................................................................
TEMPERATURE (F)
 TODAY
  MINIMUM         38    627 AM  27    2008  42     -4       37
                                      1994

PRECIPITATION (IN)
  TODAY            0.00          0.95 1985   0.04  -0.04     0.00
  MONTH TO DATE    1.30                      0.99   0.31     0.11
  SINCE MAR 1      1.38                      2.16  -0.78     0.20
  SINCE JAN 1      4.69                      3.08   1.61     0.29

SNOWFALL (IN)
  TODAY            0.0           2.4  1994   0.0    0.0      0.0
  MONTH TO DATE    0.0                       1.2   -1.2      1.0
  SINCE MAR 1      0.8                       5.4   -4.6      2.1
  SINCE JUL 1     34.1                      18.9   15.2     17.4
  SNOW DEPTH       0

..................................................................


WIND (MPH)
  RESULTANT WIND SPEED   9   RESULTANT WIND DIRECTION   N (350)
  HIGHEST WIND SPEED    14   HIGHEST WIND DIRECTION     N (350)
  HIGHEST GUST SPEED    19   HIGHEST GUST DIRECTION     N (360)
  AVERAGE WIND SPEED     9.2


SKY COVER
  AVERAGE SKY COVER 0.3


WEATHER CONDITIONS
 THE FOLLOWING WEATHER WAS RECORDED TODAY.
  NO SIGNIFICANT WEATHER WAS OBSERVED.


RELATIVE HUMIDITY (PERCENT)
 HIGHEST    86           100 AM
 LOWEST     70           300 AM
 AVERAGE    78

..........................................................


THE DALHART CLIMATE NORMALS FOR TOMORROW
                         NORMAL    RECORD    YEAR
 MAXIMUM TEMPERATURE (F)   73        92      2011
 MINIMUM TEMPERATURE (F)   42        31      1996


SUNRISE AND SUNSET
APRIL 28 2015.........SUNRISE   701 AM CDT   SUNSET   835 PM CDT
APRIL 29 2015.........SUNRISE   700 AM CDT   SUNSET   836 PM CDT


-  INDICATES NEGATIVE NUMBERS.
R  INDICATES RECORD WAS SET OR TIED.
MM INDICATES DATA IS MISSING.
T  INDICATES TRACE AMOUNT.




$$
