000
CDUS43 KBIS 030722
CLIDIK


CLIMATE REPORT
NATIONAL WEATHER SERVICE BISMARCK ND
221 AM CDT SUN MAY 3 2015


...................................

...THE DICKINSON ND CLIMATE SUMMARY FOR MAY 2 2015...

CLIMATE NORMAL PERIOD 1981 TO 2010
CLIMATE RECORD PERIOD 1893 TO 2015


WEATHER ITEM   OBSERVED TIME   RECORD YEAR NORMAL DEPARTURE LAST
                VALUE   (LST)  VALUE       VALUE  FROM      YEAR
                                                  NORMAL
..................................................................
TEMPERATURE (F)
 YESTERDAY
  MAXIMUM         79    216 PM  87    1955  62     17       57
  MINIMUM         42    131 AM   6    1967  35      7       40
  AVERAGE         61                        49     12       49

PRECIPITATION (IN)
  YESTERDAY        0.00          1.21 1988   0.07  -0.07      T
  MONTH TO DATE    0.00                      0.14  -0.14      T
  SINCE MAR 1      1.50                      2.30  -0.80     1.69
  SINCE JAN 1      1.77                      2.93  -1.16     1.86

DEGREE DAYS
 HEATING
  YESTERDAY        4                        17    -13       16
  MONTH TO DATE   13                        34    -21       34
  SINCE MAR 1   1480                      1802   -322     2005
  SINCE JUL 1   7595                      8096   -501     8647

 COOLING
  YESTERDAY        0                         0      0        0
  MONTH TO DATE    0                         0      0        0
  SINCE MAR 1      0                         1     -1        0
  SINCE JAN 1      0                         1     -1        0
..................................................................


WIND (MPH)
  HIGHEST WIND SPEED    25   HIGHEST WIND DIRECTION    NW (300)
  HIGHEST GUST SPEED    31   HIGHEST GUST DIRECTION     W (270)
  AVERAGE WIND SPEED    12.8


SKY COVER
  POSSIBLE SUNSHINE  MM
  AVERAGE SKY COVER 0.1


WEATHER CONDITIONS
 THE FOLLOWING WEATHER WAS RECORDED YESTERDAY.
  NO SIGNIFICANT WEATHER WAS OBSERVED.


RELATIVE HUMIDITY (PERCENT)
 HIGHEST    67           100 AM
 LOWEST     14           500 PM
 AVERAGE    41

..........................................................


THE DICKINSON ND CLIMATE NORMALS FOR TODAY
                         NORMAL    RECORD    YEAR
 MAXIMUM TEMPERATURE (F)   62        92      1985
 MINIMUM TEMPERATURE (F)   36         4      1967


SUNRISE AND SUNSET
MAY  3 2015...........SUNRISE   533 AM MDT   SUNSET   804 PM MDT
MAY  4 2015...........SUNRISE   532 AM MDT   SUNSET   805 PM MDT


-  INDICATES NEGATIVE NUMBERS.
R  INDICATES RECORD WAS SET OR TIED.
MM INDICATES DATA IS MISSING.
T  INDICATES TRACE AMOUNT.




$$
