000
CDUS45 KEPZ 202327
CLIDMN


CLIMATE REPORT
NATIONAL WEATHER SERVICE EL PASO, TX
526 PM MDT MON APR 20 2015


...................................

...THE DEMING CLIMATE SUMMARY FOR APRIL 20 2015...
VALID TODAY AS OF 0500 PM LOCAL TIME.

CLIMATE NORMAL PERIOD 1981 TO 2010
CLIMATE RECORD PERIOD 2000 TO 2015


WEATHER ITEM   OBSERVED TIME   NORMAL DEPARTURE LAST
                VALUE   (LST)  VALUE  FROM      YEAR
                                      NORMAL
......................................................
TEMPERATURE (F)
 TODAY
  MAXIMUM         81    228 PM  80      1       77
  MINIMUM         41    537 AM  43     -2       42

PRECIPITATION (IN)
  TODAY            0.00          0.02  -0.02      T
  MONTH TO DATE    0.08          0.26  -0.18     0.20
  SINCE MAR 1      0.77          0.68   0.09     0.57
  SINCE JAN 1      2.24          1.88   0.36     0.57

......................................................


WIND (MPH)
  HIGHEST WIND SPEED    17   HIGHEST WIND DIRECTION    SW (210)
  HIGHEST GUST SPEED    24   HIGHEST GUST DIRECTION    SW (220)


SKY COVER
  AVERAGE SKY COVER 0.0


WEATHER CONDITIONS
 THE FOLLOWING WEATHER WAS RECORDED TODAY.
  NO SIGNIFICANT WEATHER WAS OBSERVED.


RELATIVE HUMIDITY (PERCENT)
 HIGHEST    45           600 AM
 LOWEST     11           400 PM
 AVERAGE    28

..........................................................


THE DEMING CLIMATE NORMALS FOR TOMORROW
                         NORMAL
 MAXIMUM TEMPERATURE (F)   80
 MINIMUM TEMPERATURE (F)   43


SUNRISE AND SUNSET
APRIL 20 2015.........SUNRISE   636 AM MDT   SUNSET   744 PM MDT
APRIL 21 2015.........SUNRISE   635 AM MDT   SUNSET   744 PM MDT


-  INDICATES NEGATIVE NUMBERS.
R  INDICATES RECORD WAS SET OR TIED.
MM INDICATES DATA IS MISSING.
T  INDICATES TRACE AMOUNT.




$$
