000
CDUS44 KEWX 182239
CLIDRT


CLIMATE REPORT
NATIONAL WEATHER SERVICE AUSTIN/SAN ANTONIO, TX
538 PM CDT SAT APR 18 2015


...................................

...THE DEL RIO CLIMATE SUMMARY FOR APRIL 18 2015...
VALID TODAY AS OF 530 PM LOCAL TIME.

CLIMATE NORMAL PERIOD 1981 TO 2010
CLIMATE RECORD PERIOD 1906 TO 2015


WEATHER ITEM   OBSERVED TIME   RECORD YEAR NORMAL DEPARTURE LAST
                VALUE   (LST)  VALUE       VALUE  FROM      YEAR
                                                  NORMAL
..................................................................
TEMPERATURE (F)
 TODAY
  MAXIMUM         82    319 PM 104    2006  84     -2       81
  MINIMUM         63   1239 AM  42    1921  60      3       63
  AVERAGE         73                        72      1       72

PRECIPITATION (IN)
  TODAY            0.01          2.01 1968   0.06  -0.05     0.01
  MONTH TO DATE    1.01                      0.88   0.13     0.01
  SINCE MAR 1      3.22                      2.02   1.20     0.33
  SINCE JAN 1      4.21                      3.62   0.59     0.55

SNOWFALL (IN)
  TODAY            0.0
  MONTH TO DATE    0.0
  SINCE MAR 1      0.0
  SINCE JUL 1      0.0
  SNOW DEPTH       0

DEGREE DAYS
 HEATING
  TODAY            0                         1     -1        0
  MONTH TO DATE    2                        22    -20       14
  SINCE MAR 1    140                       136      4      148
  SINCE JUL 1   1467                      1372     95     1555

 COOLING
  TODAY            8                         8      0        7
  MONTH TO DATE  130                       113     17      134
  SINCE MAR 1    201                       200      1      218
  SINCE JAN 1    216                       219     -3      263
..................................................................


WIND (MPH)
  HIGHEST WIND SPEED    10   HIGHEST WIND DIRECTION     W (280)
  HIGHEST GUST SPEED    12   HIGHEST GUST DIRECTION    NW (300)
  AVERAGE WIND SPEED     2.7



WEATHER CONDITIONS
 THE FOLLOWING WEATHER WAS RECORDED TODAY.
  LIGHT RAIN
  FOG


RELATIVE HUMIDITY (PERCENT)
 HIGHEST    93          1200 AM
 LOWEST     54           100 PM
 AVERAGE    74

..........................................................


THE DEL RIO CLIMATE NORMALS FOR TOMORROW
                         NORMAL    RECORD    YEAR
 MAXIMUM TEMPERATURE (F)   84       102      1995
 MINIMUM TEMPERATURE (F)   61        46      2013
                                             1953
                                             1940


SUNRISE AND SUNSET
APRIL 18 2015.........SUNRISE   714 AM CDT   SUNSET   812 PM CDT
APRIL 19 2015.........SUNRISE   713 AM CDT   SUNSET   813 PM CDT


-  INDICATES NEGATIVE NUMBERS.
R  INDICATES RECORD WAS SET OR TIED.
MM INDICATES DATA IS MISSING.
T  INDICATES TRACE AMOUNT.




$$
