000
CDUS41 KRLX 182118
CLIEKN


CLIMATE REPORT
NATIONAL WEATHER SERVICE CHARLESTON WV
517 PM EDT SAT APR 18 2015


...................................

...THE ELKINS WV CLIMATE SUMMARY FOR APRIL 18 2015...
VALID TODAY AS OF 0500 PM LOCAL TIME.

CLIMATE NORMAL PERIOD 1981 TO 2010
CLIMATE RECORD PERIOD 1899 TO 2015


WEATHER ITEM   OBSERVED TIME   RECORD YEAR NORMAL DEPARTURE LAST
                VALUE   (LST)  VALUE       VALUE  FROM      YEAR
                                                  NORMAL
..................................................................
TEMPERATURE (F)
 TODAY
  MAXIMUM         75    348 PM  88    1976  64     11       70
  MINIMUM         47    707 AM  19    1983  37     10       31
  AVERAGE         61                        51     10       51

PRECIPITATION (IN)
  TODAY            0.00          0.90 1938   0.13  -0.13     0.00
  MONTH TO DATE    4.87                      2.25   2.62     0.51
  SINCE MAR 1     12.24                      6.21   6.03     3.70
  SINCE JAN 1     17.96                     12.54   5.42     9.96

DEGREE DAYS
 HEATING
  TODAY            4                        15    -11       14
  MONTH TO DATE  202                       310   -108      245
  SINCE MAR 1   1003                      1090    -87     1142
  SINCE JUL 1   5634                      5411    223     5665

 COOLING
  TODAY            0                         0      0        0
  MONTH TO DATE    3                         0      3        2
  SINCE MAR 1      3                         0      3        2
  SINCE JAN 1      3                         0      3        2
..................................................................


WIND (MPH)
  HIGHEST WIND SPEED    13   HIGHEST WIND DIRECTION     N (350)
  HIGHEST GUST SPEED    16   HIGHEST GUST DIRECTION     N (340)
  AVERAGE WIND SPEED     2.0


SKY COVER
  POSSIBLE SUNSHINE  MM
  AVERAGE SKY COVER 0.6


WEATHER CONDITIONS
 THE FOLLOWING WEATHER WAS RECORDED TODAY.
  FOG
  FOG W/VISIBILITY <= 1/4 MILE


RELATIVE HUMIDITY (PERCENT)
 HIGHEST   100           100 AM
 LOWEST     25           300 PM
 AVERAGE    63

..........................................................


THE ELKINS WV CLIMATE NORMALS FOR TOMORROW
                         NORMAL    RECORD    YEAR
 MAXIMUM TEMPERATURE (F)   64        85      1976
 MINIMUM TEMPERATURE (F)   38        20      1990


SUNRISE AND SUNSET
APRIL 18 2015.........SUNRISE   639 AM EDT   SUNSET   759 PM EDT
APRIL 19 2015.........SUNRISE   638 AM EDT   SUNSET   800 PM EDT


-  INDICATES NEGATIVE NUMBERS.
R  INDICATES RECORD WAS SET OR TIED.
MM INDICATES DATA IS MISSING.
T  INDICATES TRACE AMOUNT.




$$
