000
CDUS45 KLKN 280930
CLIEKO


CLIMATE REPORT
NATIONAL WEATHER SERVICE ELKO NV
230 AM PDT TUE APR 28 2015


...................................

...THE ELKO AIRPORT NV CLIMATE SUMMARY FOR APRIL 27 2015...

CLIMATE NORMAL PERIOD 1981 TO 2010
CLIMATE RECORD PERIOD 1888 TO 2015


WEATHER ITEM   OBSERVED TIME   RECORD YEAR NORMAL DEPARTURE LAST
                VALUE   (LST)  VALUE       VALUE  FROM      YEAR
                                                  NORMAL
..................................................................
TEMPERATURE (F)
 YESTERDAY
  MAXIMUM         65    444 PM  84    2000  63      2       51
  MINIMUM         25    334 AM  12    1918  33     -8       29
  AVERAGE         45                        48     -3       40

PRECIPITATION (IN)
  YESTERDAY        0.00          0.85 1956   0.03  -0.03     0.02
  MONTH TO DATE    0.73                      0.87  -0.14     1.00
  SINCE OCT 1      3.62                      6.89  -3.27     6.24
  SINCE JAN 1      1.38                      3.83  -2.45     4.63

SNOWFALL (IN)
  YESTERDAY        0.0           1.4  1963   0.0    0.0       T
  MONTH TO DATE    2.2                       3.0   -0.8      2.6
  SINCE MAR 1      2.9                       8.1   -5.2      7.9
  SINCE JUL 1     12.3                      40.6  -28.3     20.2
  SNOW DEPTH       0

DEGREE DAYS
 HEATING
  YESTERDAY       20                        17      3       25
  MONTH TO DATE  551                       545      6      523
  SINCE MAR 1   1183                      1354   -171     1281
  SINCE JUL 1   5191                      6522  -1331     6012

 COOLING
  YESTERDAY        0                         0      0        0
  MONTH TO DATE    0                         0      0        0
  SINCE MAR 1      0                         0      0        0
  SINCE JAN 1      0                         0      0        0
..................................................................


WIND (MPH)
  HIGHEST WIND SPEED    14   HIGHEST WIND DIRECTION    NE (50)
  HIGHEST GUST SPEED    20   HIGHEST GUST DIRECTION    NE (40)
  AVERAGE WIND SPEED     4.6



WEATHER CONDITIONS
 THE FOLLOWING WEATHER WAS RECORDED YESTERDAY.
  NO SIGNIFICANT WEATHER WAS OBSERVED.


RELATIVE HUMIDITY (PERCENT)
 HIGHEST    81           300 AM
 LOWEST     16           300 PM
 AVERAGE    49

..........................................................


THE ELKO AIRPORT NV CLIMATE NORMALS FOR TODAY
                         NORMAL    RECORD    YEAR
 MAXIMUM TEMPERATURE (F)   63        85      1915
 MINIMUM TEMPERATURE (F)   33        13      1899


SUNRISE AND SUNSET
APRIL 28 2015.........SUNRISE   546 AM PDT   SUNSET   736 PM PDT
APRIL 29 2015.........SUNRISE   544 AM PDT   SUNSET   737 PM PDT


-  INDICATES NEGATIVE NUMBERS.
R  INDICATES RECORD WAS SET OR TIED.
MM INDICATES DATA IS MISSING.
T  INDICATES TRACE AMOUNT.




$$
