000
CDUS44 KEPZ 050927
CLIELP


CLIMATE REPORT
NATIONAL WEATHER SERVICE EL PASO, TX
326 AM MDT TUE MAY 5 2015


...................................

...THE EL PASO CLIMATE SUMMARY FOR MAY 4 2015...

CLIMATE NORMAL PERIOD 1981 TO 2010
CLIMATE RECORD PERIOD 1879 TO 2015


WEATHER ITEM   OBSERVED TIME   RECORD YEAR NORMAL DEPARTURE LAST
                VALUE   (LST)  VALUE       VALUE  FROM      YEAR
                                                  NORMAL
..................................................................
TEMPERATURE (F)
 YESTERDAY
  MAXIMUM         86    157 PM  98    1947  84      2       93
  MINIMUM         63   1114 PM  36    1935  57      6       55
  AVERAGE         75                        70      5       74

PRECIPITATION (IN)
  YESTERDAY        0.16          1.01 1946   0.01   0.15     0.00
  MONTH TO DATE    0.16                      0.04   0.12     0.00
  SINCE MAR 1      1.01                      0.53   0.48     0.63
  SINCE JAN 1      1.89                      1.39   0.50     0.63

SNOWFALL (IN)
  YESTERDAY        0.0                                       0.0
  MONTH TO DATE    0.0                                       0.0
  SINCE MAR 1      0.0                                       0.0
  SINCE JUL 1      T                                          T
  SNOW DEPTH       0

DEGREE DAYS
 HEATING
  YESTERDAY        0                         1     -1        0
  MONTH TO DATE    0                         4     -4       11
  SINCE MAR 1    241                       366   -125      249
  SINCE JUL 1   2064                      2469   -405     2037

 COOLING
  YESTERDAY       10                         6      4        9
  MONTH TO DATE   41                        23     18       13
  SINCE MAR 1    167                       115     52      132
  SINCE JAN 1    168                       115     53      139
..................................................................


WIND (MPH)
  HIGHEST WIND SPEED    25   HIGHEST WIND DIRECTION     N (340)
  HIGHEST GUST SPEED    29   HIGHEST GUST DIRECTION     N (350)
  AVERAGE WIND SPEED     8.2


SKY COVER
  POSSIBLE SUNSHINE  MM
  AVERAGE SKY COVER 0.6


WEATHER CONDITIONS
 THE FOLLOWING WEATHER WAS RECORDED YESTERDAY.
  THUNDERSTORM
  LIGHT RAIN


RELATIVE HUMIDITY (PERCENT)
 HIGHEST    52           500 AM
 LOWEST     26           300 PM
 AVERAGE    39

..........................................................


THE EL PASO CLIMATE NORMALS FOR TODAY
                         NORMAL    RECORD    YEAR
 MAXIMUM TEMPERATURE (F)   84        98      1947
 MINIMUM TEMPERATURE (F)   57        39      1935


SUNRISE AND SUNSET
MAY  5 2015...........SUNRISE   617 AM MDT   SUNSET   748 PM MDT
MAY  6 2015...........SUNRISE   616 AM MDT   SUNSET   749 PM MDT


-  INDICATES NEGATIVE NUMBERS.
R  INDICATES RECORD WAS SET OR TIED.
MM INDICATES DATA IS MISSING.
T  INDICATES TRACE AMOUNT.




$$
