000
CDUS42 KMHX 040527
CLIEWN


CLIMATE REPORT
NATIONAL WEATHER SERVICE NEWPORT/MOREHEAD CITY NC
126 AM EDT MON MAY 4 2015


...................................

...THE NEW BERN NC CLIMATE SUMMARY FOR MAY 3 2015...

CLIMATE NORMAL PERIOD 1981 TO 2010
CLIMATE RECORD PERIOD 1948 TO 2015


WEATHER ITEM   OBSERVED TIME   RECORD YEAR NORMAL DEPARTURE LAST
                VALUE   (LST)  VALUE       VALUE  FROM      YEAR
                                                  NORMAL
..................................................................
TEMPERATURE (F)
 YESTERDAY
  MAXIMUM         80    351 PM  95    1959  78      2       80
  MINIMUM         46    502 AM  37    1963  55     -9       56
  AVERAGE         63                        66     -3       68

PRECIPITATION (IN)
  YESTERDAY        0.00          1.50 1964   0.11  -0.11      T
  MONTH TO DATE    0.32                      0.33  -0.01     0.02
  SINCE MAR 1      5.94                      7.89  -1.95     9.45
  SINCE JAN 1     14.31                     15.57  -1.26    15.98

SNOWFALL (IN)
  YESTERDAY        0.0
  MONTH TO DATE    0.0
  SINCE NOV 1      3.0
  SINCE JUL 1      3.0
  SNOW DEPTH       0

DEGREE DAYS
 HEATING
  YESTERDAY        2                         2      0        0
  MONTH TO DATE   15                         7      8        0
  SINCE MAR 1    472                       528    -56      558
  SINCE JUL 1   2715                      2674     41     2632

 COOLING
  YESTERDAY        0                         3     -3        3
  MONTH TO DATE    0                         9     -9       16
  SINCE MAR 1     88                        76     12       96
  SINCE JAN 1     95                        79     16      101
..................................................................


WIND (MPH)
  HIGHEST WIND SPEED    13   HIGHEST WIND DIRECTION     S (200)
  HIGHEST GUST SPEED    17   HIGHEST GUST DIRECTION     S (180)
  AVERAGE WIND SPEED     3.5


SKY COVER
  POSSIBLE SUNSHINE  MM
  AVERAGE SKY COVER 0.2


WEATHER CONDITIONS
 THE FOLLOWING WEATHER WAS RECORDED YESTERDAY.
  FOG


RELATIVE HUMIDITY (PERCENT)
 HIGHEST    93           400 AM
 LOWEST     28          1200 PM
 AVERAGE    61

..........................................................


THE NEW BERN NC CLIMATE NORMALS FOR TODAY
                         NORMAL    RECORD    YEAR
 MAXIMUM TEMPERATURE (F)   78        92      2012
 MINIMUM TEMPERATURE (F)   55        44      1986


SUNRISE AND SUNSET
MAY  4 2015...........SUNRISE   614 AM EDT   SUNSET   756 PM EDT
MAY  5 2015...........SUNRISE   613 AM EDT   SUNSET   757 PM EDT


-  INDICATES NEGATIVE NUMBERS.
R  INDICATES RECORD WAS SET OR TIED.
MM INDICATES DATA IS MISSING.
T  INDICATES TRACE AMOUNT.




$$
