000
CDUS42 KKEY 190551
CLIEYW

CLIMATE REPORT
NATIONAL WEATHER SERVICE KEY WEST, FL
150 AM EDT SUN APR 19 2015

...................................

...THE KEY WEST CLIMATE SUMMARY FOR APRIL 18 2015...

CLIMATE NORMAL PERIOD 1981 TO 2010
CLIMATE RECORD PERIOD 1871 TO 2015

WEATHER ITEM   OBSERVED TIME   RECORD YEAR NORMAL DEPARTURE LAST
               VALUE    (LST)  VALUE       VALUE  FROM      YEAR
                                                  NORMAL
..................................................................
TEMPERATURE (F)
 YESTERDAY
  MAXIMUM         84    535 PM  88    1953  82      2       84
  MINIMUM         78    626 AM  60    2007  72      6       78
  AVERAGE         81                        77      4       81

PRECIPITATION (IN)
  YESTERDAY        0.00          1.37 1899   0.08  -0.08     0.00
  MONTH TO DATE    0.11                      1.25  -1.14     0.56
  SINCE MAR 1      1.59                      3.30  -1.71     4.34
  SINCE JAN 1      4.82                      6.83  -2.01    11.94

SNOWFALL (IN)
  YESTERDAY        0.0
  MONTH TO DATE    0.0
  SINCE MAR 1      0.0
  SINCE JUL 1      0.0
  SNOW DEPTH       0

DEGREE DAYS
 HEATING
  YESTERDAY        0                         0      0        0
  MONTH TO DATE    0                         0      0        0
  SINCE MAR 1      0                         7     -7        0
  SINCE JUL 1     27                        73    -46       22

 COOLING
  YESTERDAY       16                        12      4       16
  MONTH TO DATE  268                       193     75      226
  SINCE MAR 1    640                       455    185      503
  SINCE JAN 1    998                       803    195      929
..................................................................

WIND (MPH)
  HIGHEST WIND SPEED    13   HIGHEST WIND DIRECTION    SE (150)
  HIGHEST GUST SPEED    19   HIGHEST GUST DIRECTION     S (170)
  AVERAGE WIND SPEED     8.3

SKY COVER
  POSSIBLE SUNSHINE  MM
  AVERAGE SKY COVER 0.1

WEATHER CONDITIONS
 THE FOLLOWING WEATHER WAS RECORDED YESTERDAY.
  NO SIGNIFICANT WEATHER WAS OBSERVED.

RELATIVE HUMIDITY (PERCENT)
 HIGHEST    85
 LOWEST     69
 AVERAGE    77

..........................................................

THE KEY WEST CLIMATE NORMALS FOR TODAY
                         NORMAL    RECORD    YEAR
 MAXIMUM TEMPERATURE (F)   82        89      1934
 MINIMUM TEMPERATURE (F)   72        60      1997

SUNRISE AND SUNSET
APRIL 19 2015.........SUNRISE   702 AM EDT   SUNSET   751 PM EDT
APRIL 20 2015.........SUNRISE   701 AM EDT   SUNSET   751 PM EDT

-  INDICATES NEGATIVE NUMBERS.
R  INDICATES RECORD WAS SET OR TIED.
MM INDICATES DATA IS MISSING.
T  INDICATES TRACE AMOUNT.

$$
