000
CDUS43 KFGF 260633
CLIFAR


CLIMATE REPORT
NATIONAL WEATHER SERVICE EASTERN NORTH DAKOTA/GRAND FORKS
132 AM CDT SUN APR 26 2015


...................................

...THE FARGO HECTOR INTL AP ND CLIMATE SUMMARY FOR APRIL 25 2015...

CLIMATE NORMAL PERIOD 1981 TO 2010
CLIMATE RECORD PERIOD 1881 TO 2015


WEATHER ITEM   OBSERVED TIME   RECORD YEAR NORMAL DEPARTURE LAST
                VALUE   (LST)  VALUE       VALUE  FROM      YEAR
                                                  NORMAL
..................................................................
TEMPERATURE (F)
 YESTERDAY
  MAXIMUM         63    456 PM  91    1891  62      1       53
  MINIMUM         43    621 AM  14    1909  37      6       37
  AVERAGE         53                        49      4       45

PRECIPITATION (IN)
  YESTERDAY        0.00          0.76 1986   0.05  -0.05     0.00
                                      1960
  MONTH TO DATE    0.77                      1.05  -0.28     1.13
  SINCE MAR 1      1.07                      2.35  -1.28     1.85
  SINCE JAN 1      2.04                      3.66  -1.62     2.73

SNOWFALL (IN)
  YESTERDAY        0.0           4.8  2008   0.1   -0.1      0.0
  MONTH TO DATE    T                         2.7   -2.7      2.0
  SINCE MAR 1      0.4                      11.8  -11.4      7.3
  SINCE JUL 1     16.0                      49.8  -33.8     34.9
  SNOW DEPTH       0

DEGREE DAYS
 HEATING
  YESTERDAY       12                        16     -4       20
  MONTH TO DATE  483                       552    -69      619
  SINCE MAR 1   1450                      1704   -254     1935
  SINCE JUL 1   7866                      8382   -516     9212

 COOLING
  YESTERDAY        0                         0      0        0
  MONTH TO DATE    0                         0      0        0
  SINCE MAR 1      0                         0      0        0
  SINCE JAN 1      0                         0      0        0
..................................................................


WIND (MPH)
  HIGHEST WIND SPEED    17   HIGHEST WIND DIRECTION    SE (150)
  HIGHEST GUST SPEED    23   HIGHEST GUST DIRECTION     S (160)
  AVERAGE WIND SPEED     9.3


SKY COVER
  POSSIBLE SUNSHINE  MM
  AVERAGE SKY COVER 0.6


WEATHER CONDITIONS
 THE FOLLOWING WEATHER WAS RECORDED YESTERDAY.
  NO SIGNIFICANT WEATHER WAS OBSERVED.


RELATIVE HUMIDITY (PERCENT)
 HIGHEST    82           600 AM
 LOWEST     39           500 PM
 AVERAGE    61

..........................................................


THE FARGO HECTOR INTL AP ND CLIMATE NORMALS FOR TODAY
                         NORMAL    RECORD    YEAR
 MAXIMUM TEMPERATURE (F)   62        89      1952
 MINIMUM TEMPERATURE (F)   37        17      2002


SUNRISE AND SUNSET
APRIL 26 2015.........SUNRISE   620 AM CDT   SUNSET   830 PM CDT
APRIL 27 2015.........SUNRISE   619 AM CDT   SUNSET   832 PM CDT


-  INDICATES NEGATIVE NUMBERS.
R  INDICATES RECORD WAS SET OR TIED.
MM INDICATES DATA IS MISSING.
T  INDICATES TRACE AMOUNT.




$$
