000
CDUS42 KRAH 210531
CLIFAY


CLIMATE REPORT
NATIONAL WEATHER SERVICE RALEIGH NC
130 AM EDT TUE APR 21 2015


...................................

...THE FAYETTEVILLE REGL AIRPORT NC CLIMATE SUMMARY FOR APRIL 20 2015...

CLIMATE NORMAL PERIOD 1981 TO 2010
CLIMATE RECORD PERIOD 1910 TO 2015


WEATHER ITEM   OBSERVED TIME   RECORD YEAR NORMAL DEPARTURE LAST
                VALUE   (LST)  VALUE       VALUE  FROM      YEAR
                                                  NORMAL
..................................................................
TEMPERATURE (F)
 YESTERDAY
  MAXIMUM         81   1248 PM  94    1917  76      5       68
  MINIMUM         64    505 AM  31    1983  51     13       51
  AVERAGE         73                        64      9       60

PRECIPITATION (IN)
  YESTERDAY        0.00          2.70 1940   0.10  -0.10      T
  MONTH TO DATE    2.30                      2.04   0.26     2.58
  SINCE MAR 1      5.00                      5.59  -0.59     6.22
  SINCE JAN 1     12.65                     11.65   1.00    12.94

DEGREE DAYS
 HEATING
  YESTERDAY        0                         4     -4        5
  MONTH TO DATE   48                       109    -61       98
  SINCE MAR 1    389                       453    -64      595
  SINCE JUL 1   2885                      2678    207     2920

 COOLING
  YESTERDAY        8                         3      5        0
  MONTH TO DATE   75                        35     40       35
  SINCE MAR 1     92                        47     45       36
  SINCE JAN 1     92                        51     41       39
..................................................................


WIND (MPH)
  HIGHEST WIND SPEED    23   HIGHEST WIND DIRECTION    SW (220)
  HIGHEST GUST SPEED    27   HIGHEST GUST DIRECTION     S (200)
  AVERAGE WIND SPEED    13.2


SKY COVER
  POSSIBLE SUNSHINE  MM
  AVERAGE SKY COVER 0.4


WEATHER CONDITIONS
 THE FOLLOWING WEATHER WAS RECORDED YESTERDAY.
  NO SIGNIFICANT WEATHER WAS OBSERVED.


RELATIVE HUMIDITY (PERCENT)
 HIGHEST    93           100 AM
 LOWEST     54           100 PM
 AVERAGE    74

..........................................................


THE FAYETTEVILLE REGL AIRPORT NC CLIMATE NORMALS FOR TODAY
                         NORMAL    RECORD    YEAR
 MAXIMUM TEMPERATURE (F)   76        94      2002
 MINIMUM TEMPERATURE (F)   52        29      1956


SUNRISE AND SUNSET
APRIL 21 2015.........SUNRISE   636 AM EDT   SUNSET   753 PM EDT
APRIL 22 2015.........SUNRISE   635 AM EDT   SUNSET   753 PM EDT


-  INDICATES NEGATIVE NUMBERS.
R  INDICATES RECORD WAS SET OR TIED.
MM INDICATES DATA IS MISSING.
T  INDICATES TRACE AMOUNT.




$$
