000
CDUS43 KFGF 052152
CLIFGF


CLIMATE REPORT
NATIONAL WEATHER SERVICE EASTERN NORTH DAKOTA/GRAND FORKS
451 PM CDT TUE MAY 5 2015


...................................

...THE GRAND FORKS UNIV. (NWS) ND CLIMATE SUMMARY FOR MAY 5 2015...
VALID TODAY AS OF 0400 PM LOCAL TIME.

CLIMATE NORMAL PERIOD 1981 TO 2010
CLIMATE RECORD PERIOD 1890 TO 2015


WEATHER ITEM   OBSERVED TIME   RECORD YEAR NORMAL DEPARTURE LAST
                VALUE   (LST)  VALUE       VALUE  FROM      YEAR
                                                  NORMAL
..................................................................
TEMPERATURE (F)
 TODAY
  MAXIMUM         78        MM  96    1926  65     13       53
  MINIMUM         44        MM  20    1929  39      5       36
  AVERAGE         61                        52      9       45

PRECIPITATION (IN)
  TODAY            0.00          1.31 2007   0.07  -0.07     0.02
  MONTH TO DATE    0.04                      0.32  -0.28     0.22
  SINCE MAR 1      1.06                      2.32  -1.26     3.97
  SINCE JAN 1      1.59                      3.62  -2.03     4.70

SNOWFALL (IN)
  TODAY            0.0           0.5  1906   0.0    0.0      0.0
  MONTH TO DATE    0.0                       0.0    0.0      0.0
  SINCE MAR 1      3.0                       8.0   -5.0     14.6
  SINCE JUL 1     19.3                      43.3  -24.0     60.3
  SNOW DEPTH       0

DEGREE DAYS
 HEATING
  TODAY            4                        13     -9       20
  MONTH TO DATE   29                        70    -41      105
  SINCE MAR 1   1633                      1925   -292     2356
  SINCE JUL 1   8482                      8885   -403    10102

 COOLING
  TODAY            0                         0      0        0
  MONTH TO DATE    2                         0      2        0
  SINCE MAR 1      2                         3     -1        0
  SINCE JAN 1      2                         3     -1        0
..................................................................


WIND (MPH)
  HIGHEST WIND SPEED    MM   HIGHEST WIND DIRECTION    MM
  HIGHEST GUST SPEED    MM   HIGHEST GUST DIRECTION    MM
  AVERAGE WIND SPEED    MM


SKY COVER
  POSSIBLE SUNSHINE  MM
  AVERAGE SKY COVER  MM


WEATHER CONDITIONS
 THE FOLLOWING WEATHER WAS RECORDED TODAY.
  NO SIGNIFICANT WEATHER WAS OBSERVED.


RELATIVE HUMIDITY (PERCENT)
 HIGHEST    MM
 LOWEST     MM
 AVERAGE    MM

..........................................................


THE GRAND FORKS UNIV. (NWS) ND CLIMATE NORMALS FOR TOMORROW
                         NORMAL    RECORD    YEAR
 MAXIMUM TEMPERATURE (F)   65        86      1992
 MINIMUM TEMPERATURE (F)   40        19      1976


SUNRISE AND SUNSET
MAY  5 2015...........SUNRISE   604 AM CDT   SUNSET   847 PM CDT
MAY  6 2015...........SUNRISE   603 AM CDT   SUNSET   848 PM CDT


-  INDICATES NEGATIVE NUMBERS.
R  INDICATES RECORD WAS SET OR TIED.
MM INDICATES DATA IS MISSING.
T  INDICATES TRACE AMOUNT.




$$
