000
CDUS42 KMFL 250822
CLIFLL


CLIMATE REPORT
NATIONAL WEATHER SERVICE MIAMI, FL
422 AM EDT SAT APR 25 2015


...................................

...THE FORT LAUDERDALE CLIMATE SUMMARY FOR APRIL 24 2015...

CLIMATE NORMAL PERIOD 1981 TO 2010
CLIMATE RECORD PERIOD 1839 TO 2015


WEATHER ITEM   OBSERVED TIME   RECORD YEAR NORMAL DEPARTURE LAST
                VALUE   (LST)  VALUE       VALUE  FROM      YEAR
                                                  NORMAL
..................................................................
TEMPERATURE (F)
 YESTERDAY
  MAXIMUM         88    148 PM  92    1971  84      4       85
                                      1921
  MINIMUM         73    440 AM  56    1998  71      2       69
                                      1932
  AVERAGE         81                        77      4       77

PRECIPITATION (IN)
  YESTERDAY        0.00          7.60 1982   0.09  -0.09     0.00
  MONTH TO DATE    1.24                      2.46  -1.22     4.22
  SINCE NOV 1     14.31                     18.11  -3.80    24.51
  SINCE JAN 1      9.20                     12.41  -3.21    12.39

SNOWFALL (IN)
  YESTERDAY        0.0
  MONTH TO DATE    0.0
  SINCE MAR 1      0.0
  SINCE JUL 1      0.0
  SNOW DEPTH       0

DEGREE DAYS
 HEATING
  YESTERDAY        0                         0      0        0
  MONTH TO DATE    0                         0      0        0
  SINCE MAR 1      0                         9     -9        1
  SINCE JUL 1     97                       111    -14       81

 COOLING
  YESTERDAY       16                        12      4       12
  MONTH TO DATE  353                       261     92      290
  SINCE MAR 1    685                       515    170      562
  SINCE JAN 1    966                       871     95      950
..................................................................


WIND (MPH)
  HIGHEST WIND SPEED    16   HIGHEST WIND DIRECTION    NE (60)
  HIGHEST GUST SPEED    21   HIGHEST GUST DIRECTION     N (20)
  AVERAGE WIND SPEED     7.5


SKY COVER
  AVERAGE SKY COVER 0.6


WEATHER CONDITIONS
 THE FOLLOWING WEATHER WAS RECORDED YESTERDAY.
  NO SIGNIFICANT WEATHER WAS OBSERVED.


RELATIVE HUMIDITY (PERCENT)
 HIGHEST   100
 LOWEST     59
 AVERAGE    80

..........................................................


THE FORT LAUDERDALE CLIMATE NORMALS FOR TODAY
                         NORMAL    RECORD    YEAR
 MAXIMUM TEMPERATURE (F)   84        92      1971
                                             1923
 MINIMUM TEMPERATURE (F)   71        55      2005


SUNRISE AND SUNSET
APRIL 25 2015.........SUNRISE   649 AM EDT   SUNSET   749 PM EDT
APRIL 26 2015.........SUNRISE   648 AM EDT   SUNSET   750 PM EDT


-  INDICATES NEGATIVE NUMBERS.
R  INDICATES RECORD WAS SET OR TIED.
MM INDICATES DATA IS MISSING.
T  INDICATES TRACE AMOUNT.




$$
