000
CDUS44 KTSA 260825
CLIFSM

CLIMATE REPORT
NATIONAL WEATHER SERVICE TULSA OK
147 AM CDT SUN APR 26 2015


...................................

...THE FORT SMITH ARKANSAS CLIMATE SUMMARY FOR APRIL 25 2015...

CLIMATE NORMAL PERIOD 1981 TO 2010
CLIMATE RECORD PERIOD 1882 TO 2015


WEATHER ITEM   OBSERVED TIME   RECORD YEAR NORMAL DEPARTURE LAST
                VALUE   (LST)  VALUE       VALUE  FROM      YEAR
                                                  NORMAL
..................................................................
TEMPERATURE (F)
 YESTERDAY
  MAXIMUM         84    348 PM  89    2012  76      8       81
  MINIMUM         55    542 AM  35    1910  53      2       45
  AVERAGE         70                        64      6       63

PRECIPITATION (IN)
  YESTERDAY        T             3.21 1924   0.16  -0.16     0.00
  MONTH TO DATE    3.64                      3.49   0.15     2.53
  SINCE MAR 1      8.14                      7.34   0.80     6.38
  SINCE JAN 1     12.75                     12.91  -0.16     8.15

SNOWFALL (IN)
  YESTERDAY        0.0                                       0.0
  MONTH TO DATE    0.0                                       0.0
  SINCE MAR 1      1.0                                       0.5
  SINCE JUL 1      6.6                                      10.7

DEGREE DAYS
 HEATING
  YESTERDAY        0                         3     -3        2
  MONTH TO DATE   73                       142    -69      126
  SINCE MAR 1    464                       528    -64      585
  SINCE JUL 1   3278                      3201     77     3530

 COOLING
  YESTERDAY        5                         2      3        0
  MONTH TO DATE   50                        40     10       38
  SINCE MAR 1     65                        51     14       38
  SINCE JAN 1     65                        52     13       38
..................................................................


WIND (MPH)
  HIGHEST WIND SPEED    20   HIGHEST WIND DIRECTION     W (260)
  HIGHEST GUST SPEED    25   HIGHEST GUST DIRECTION     W (270)
  AVERAGE WIND SPEED     8.7


SKY COVER
  POSSIBLE SUNSHINE  MM
  AVERAGE SKY COVER 0.4


WEATHER CONDITIONS
 THE FOLLOWING WEATHER WAS RECORDED YESTERDAY.
  LIGHT RAIN
  FOG
  FOG W/VISIBILITY <= 1/4 MILE


RELATIVE HUMIDITY (PERCENT)
 HIGHEST   100           600 AM
 LOWEST     33           300 PM
 AVERAGE    67

..........................................................


THE FORT SMITH ARKANSAS CLIMATE NORMALS FOR TODAY
                         NORMAL    RECORD    YEAR
 MAXIMUM TEMPERATURE (F)   76        90      1896
 MINIMUM TEMPERATURE (F)   53        33      1910


SUNRISE AND SUNSET
APRIL 26 2015.........SUNRISE   632 AM CDT   SUNSET   759 PM CDT
APRIL 27 2015.........SUNRISE   631 AM CDT   SUNSET   800 PM CDT


-  INDICATES NEGATIVE NUMBERS.
R  INDICATES RECORD WAS SET OR TIED.
MM INDICATES DATA IS MISSING.
T  INDICATES TRACE AMOUNT.




$$

&&
...........................................................

THE ARKANSAS RIVER AT VAN BUREN

                   OBSERVED      24 HOUR     24 HOUR
                    VALUE        CHANGE      FORECAST

 STAGE (FEET)
  THIS MORNING       19.6         -0.3

MEAN FLOW (CFS)
  TODAY                                        41900
...........................................................
ALL DATA MEASURED AT THE FORT SMITH REGIONAL AIRPORT
