000
CDUS44 KTSA 060800
CLIFYV

CLIMATE REPORT
NATIONAL WEATHER SERVICE TULSA OK
147 AM CDT WED MAY 6 2015


...................................

...THE FAYETTEVILLE ARKANSAS CLIMATE SUMMARY FOR MAY 5 2015...

CLIMATE NORMAL PERIOD 1981 TO 2010
CLIMATE RECORD PERIOD 1905 TO 2015


WEATHER ITEM   OBSERVED TIME   RECORD YEAR NORMAL DEPARTURE LAST
                VALUE   (LST)  VALUE       VALUE  FROM      YEAR
                                                  NORMAL
..................................................................
TEMPERATURE (F)
 YESTERDAY
  MAXIMUM         79    431 PM  89    1952  74      5       88
  MINIMUM         50    451 AM  31    2013  51     -1       66
  AVERAGE         65                        62      3       77

PRECIPITATION (IN)
  YESTERDAY        0.01                      0.20  -0.19     0.00
  MONTH TO DATE    0.01                      0.99  -0.98     0.00
  SINCE MAR 1      7.40                      9.51  -2.11     8.61
  SINCE JAN 1     10.46                     15.16  -4.70    11.09

DEGREE DAYS
 COOLING
  YESTERDAY        0                         1     -1       12
  MONTH TO DATE    2                         5     -3       18
  SINCE MAR 1     25                        33     -8       30
  SINCE JAN 1     25                        33     -8       30
..................................................................


WIND (MPH)
  HIGHEST WIND SPEED    25   HIGHEST WIND DIRECTION     S (170)
  HIGHEST GUST SPEED    32   HIGHEST GUST DIRECTION     S (170)
  AVERAGE WIND SPEED     9.1


SKY COVER
  POSSIBLE SUNSHINE  MM
  AVERAGE SKY COVER 0.2


WEATHER CONDITIONS
 THE FOLLOWING WEATHER WAS RECORDED YESTERDAY.
  FOG


RELATIVE HUMIDITY (PERCENT)
 HIGHEST   100          1200 AM
 LOWEST     57           900 PM
 AVERAGE    79

..........................................................


THE FAYETTEVILLE ARKANSAS CLIMATE NORMALS FOR TODAY
                         NORMAL    RECORD    YEAR
 MAXIMUM TEMPERATURE (F)   74        87      2003
                                             1952
 MINIMUM TEMPERATURE (F)   51        34      1992


SUNRISE AND SUNSET
MAY  6 2015...........SUNRISE   619 AM CDT   SUNSET   808 PM CDT
MAY  7 2015...........SUNRISE   618 AM CDT   SUNSET   809 PM CDT


-  INDICATES NEGATIVE NUMBERS.
R  INDICATES RECORD WAS SET OR TIED.
MM INDICATES DATA IS MISSING.
T  INDICATES TRACE AMOUNT.




$$
