000
CDUS43 KUNR 280831
CLIGCC


CLIMATE REPORT
NATIONAL WEATHER SERVICE RAPID CITY SD
231 AM MDT TUE APR 28 2015


...................................

...THE GILLETTE AIRPORT WY CLIMATE SUMMARY FOR APRIL 27 2015...

CLIMATE NORMAL PERIOD 1981 TO 2010
CLIMATE RECORD PERIOD 9999 TO 9999


WEATHER ITEM   OBSERVED TIME   NORMAL DEPARTURE LAST
                VALUE   (LST)  VALUE  FROM      YEAR
                                      NORMAL
......................................................
TEMPERATURE (F)
 YESTERDAY
  MAXIMUM         52    554 PM  60     -8       48
  MINIMUM         33    555 AM  34     -1       33
  AVERAGE         43            46     -3       41

PRECIPITATION (IN)
  YESTERDAY        0.02          0.08  -0.06     0.25
  MONTH TO DATE    1.20          1.24  -0.04     0.70
  SINCE MAR 1      1.65          2.20  -0.55     1.79
  SINCE JAN 1      2.50          2.98  -0.48     3.07

DEGREE DAYS
 HEATING
  YESTERDAY       22            18      4       24
  MONTH TO DATE  570           615    -45      568
  SINCE MAR 1   1267          1554   -287     1532
  SINCE JUL 1   6357          6962   -605     7177

 COOLING
  YESTERDAY        0             0      0        0
  MONTH TO DATE    0             0      0        0
  SINCE MAR 1      0             0      0        0
  SINCE JAN 1      0             0      0        0
......................................................


WIND (MPH)
  HIGHEST WIND SPEED    14   HIGHEST WIND DIRECTION     N (350)
  HIGHEST GUST SPEED    17   HIGHEST GUST DIRECTION     N (350)
  AVERAGE WIND SPEED     5.5


SKY COVER
  AVERAGE SKY COVER 0.8


WEATHER CONDITIONS
 THE FOLLOWING WEATHER WAS RECORDED YESTERDAY.
  LIGHT SNOW
  FOG


RELATIVE HUMIDITY (PERCENT)
 HIGHEST   100           100 AM
 LOWEST     52           500 PM
 AVERAGE    76

..........................................................




SUNRISE AND SUNSET
APRIL 28 2015.........SUNRISE   558 AM MDT   SUNSET   802 PM MDT
APRIL 29 2015.........SUNRISE   556 AM MDT   SUNSET   804 PM MDT


-  INDICATES NEGATIVE NUMBERS.
R  INDICATES RECORD WAS SET OR TIED.
MM INDICATES DATA IS MISSING.
T  INDICATES TRACE AMOUNT.




$$
