000
CDUS45 KRIW 250736
CLIGEY


CLIMATE REPORT
NATIONAL WEATHER SERVICE RIVERTON WY
134 AM MDT SAT APR 25 2015


...................................

...THE GREYBULL WY CLIMATE SUMMARY FOR APRIL 24 2015...

CLIMATE NORMAL PERIOD 1981 TO 2010
CLIMATE RECORD PERIOD 1998 TO 2015


WEATHER ITEM   OBSERVED TIME   RECORD YEAR NORMAL DEPARTURE LAST
                VALUE   (LST)  VALUE       VALUE  FROM      YEAR
                                                  NORMAL
..................................................................
TEMPERATURE (F)
 YESTERDAY
  MAXIMUM         71    511 PM  86    2012  63      8       66
  MINIMUM         37    548 AM  25    2002  35      2       31
  AVERAGE         54                        49      5       49

PRECIPITATION (IN)
  YESTERDAY        T             0.17 2006   0.03  -0.03     0.00
  MONTH TO DATE    T                         0.53  -0.53     0.46
  SINCE MAR 1      0.14                      0.93  -0.79     0.64
  SINCE JAN 1      0.40                      1.34  -0.94     0.90

DEGREE DAYS
 HEATING
  YESTERDAY       11                        16     -5       16
  MONTH TO DATE  416                       468    -52      458
  SINCE MAR 1   1119                      1339   -220     1363
  SINCE JUL 1   6763                      7310   -547     7250

 COOLING
  YESTERDAY        0                         0      0        0
  MONTH TO DATE    0                         0      0        0
  SINCE MAR 1      0                         0      0        0
  SINCE JAN 1      0                         0      0        0
..................................................................


WIND (MPH)
  HIGHEST WIND SPEED    25   HIGHEST WIND DIRECTION    NW (310)
  HIGHEST GUST SPEED    32   HIGHEST GUST DIRECTION    NW (310)
  AVERAGE WIND SPEED     4.9


SKY COVER
  POSSIBLE SUNSHINE  MM
  AVERAGE SKY COVER 0.2


WEATHER CONDITIONS
 THE FOLLOWING WEATHER WAS RECORDED YESTERDAY.
  NO SIGNIFICANT WEATHER WAS OBSERVED.


RELATIVE HUMIDITY (PERCENT)
 HIGHEST    92           500 AM
 LOWEST     15           600 PM
 AVERAGE    54

..........................................................


THE GREYBULL WY CLIMATE NORMALS FOR TODAY
                         NORMAL    RECORD    YEAR
 MAXIMUM TEMPERATURE (F)   64        79      2012
 MINIMUM TEMPERATURE (F)   35        24      2009
                                             2008


SUNRISE AND SUNSET
APRIL 25 2015.........SUNRISE   612 AM MDT   SUNSET   809 PM MDT
APRIL 26 2015.........SUNRISE   611 AM MDT   SUNSET   810 PM MDT


-  INDICATES NEGATIVE NUMBERS.
R  INDICATES RECORD WAS SET OR TIED.
MM INDICATES DATA IS MISSING.
T  INDICATES TRACE AMOUNT.




$$
