000
CDUS42 KJAX 180532
CLIGNV


CLIMATE REPORT
NATIONAL WEATHER SERVICE JACKSONVILLE FL
131 AM EDT SAT APR 18 2015


...................................

...THE GAINESVILLE CLIMATE SUMMARY FOR APRIL 17 2015...

CLIMATE NORMAL PERIOD 1981 TO 2010
CLIMATE RECORD PERIOD 1890 TO 2015


WEATHER ITEM   OBSERVED TIME   RECORD YEAR NORMAL DEPARTURE LAST
                VALUE   (LST)  VALUE       VALUE  FROM      YEAR
                                                  NORMAL
..................................................................
TEMPERATURE (F)
 YESTERDAY
  MAXIMUM         74    526 PM  90    1945  81     -7       75
                                      1930
                                      1927
  MINIMUM         65    740 AM  32    1962  55     10       53
  AVERAGE         70                        68      2       64

PRECIPITATION (IN)
  YESTERDAY        T             1.34 1991   0.08  -0.08     0.00
  MONTH TO DATE    1.26                      1.64  -0.38     1.23
  SINCE MAR 1      2.43                      5.97  -3.54     6.73
  SINCE JAN 1      7.69                     12.48  -4.79    16.30

SNOWFALL (IN)
  YESTERDAY        0.0           0.0    MM   0.0    0.0      0.0
  MONTH TO DATE    0.0                       0.0    0.0      0.0
  SINCE MAR 1      0.0                       0.0    0.0      0.0
  SINCE JUL 1      0.0                       0.0    0.0      0.0
  SNOW DEPTH       0

DEGREE DAYS
 HEATING
  YESTERDAY        0                         1     -1        1
  MONTH TO DATE    0                        32    -32       15
  SINCE MAR 1     60                       169   -109      178
  SINCE JUL 1   1211                      1203      8     1088

 COOLING
  YESTERDAY        5                         4      1        0
  MONTH TO DATE  138                        55     83       59
  SINCE MAR 1    277                       109    168       84
  SINCE JAN 1    292                       141    151      121
..................................................................


WIND (MPH)
  HIGHEST WIND SPEED     8   HIGHEST WIND DIRECTION    SE (140)
  HIGHEST GUST SPEED     9   HIGHEST GUST DIRECTION    SE (130)
  AVERAGE WIND SPEED     2.6


SKY COVER
  POSSIBLE SUNSHINE  MM
  AVERAGE SKY COVER 0.9


WEATHER CONDITIONS
 THE FOLLOWING WEATHER WAS RECORDED YESTERDAY.
  LIGHT RAIN
  FOG


RELATIVE HUMIDITY (PERCENT)
 HIGHEST   100           700 AM
 LOWEST     79           200 PM
 AVERAGE    90

..........................................................


THE GAINESVILLE CLIMATE NORMALS FOR TODAY
                         NORMAL    RECORD    YEAR
 MAXIMUM TEMPERATURE (F)   81        91      1967
                                             1960
                                             1930
 MINIMUM TEMPERATURE (F)   55        40      2001
                                             1999


SUNRISE AND SUNSET
APRIL 18 2015.........SUNRISE   700 AM EDT   SUNSET   758 PM EDT
APRIL 19 2015.........SUNRISE   659 AM EDT   SUNSET   758 PM EDT


-  INDICATES NEGATIVE NUMBERS.
R  INDICATES RECORD WAS SET OR TIED.
MM INDICATES DATA IS MISSING.
T  INDICATES TRACE AMOUNT.




$$
