000
CDUS45 KMSO 260739
CLIGPI


CLIMATE REPORT
NATIONAL WEATHER SERVICE MISSOULA, MT
139 AM MDT SUN APR 26 2015


...................................

...THE KALISPELL MT CLIMATE SUMMARY FOR APRIL 25 2015...

CLIMATE NORMAL PERIOD 1981 TO 2010
CLIMATE RECORD PERIOD 1894 TO 2015


WEATHER ITEM   OBSERVED TIME   RECORD YEAR NORMAL DEPARTURE LAST
                VALUE   (LST)  VALUE       VALUE  FROM      YEAR
                                                  NORMAL
..................................................................
TEMPERATURE (F)
 YESTERDAY
  MAXIMUM         57    334 PM  84    1910  59     -2       59
  MINIMUM         26    244 AM  21    1924  33     -7       32
  AVERAGE         42                        46     -4       46

PRECIPITATION (IN)
  YESTERDAY        0.00          0.57 1989   0.05  -0.05      T
  MONTH TO DATE    0.35                      1.03  -0.68     0.67
  SINCE OCT 1     11.62                      8.42   3.20    10.00
  SINCE JAN 1      5.54                      4.42   1.12     5.55

SNOWFALL (IN)
  YESTERDAY        0.0
  MONTH TO DATE    T
  SINCE JAN 1     32.9
  SINCE JUL 1     59.4
  SNOW DEPTH       0

DEGREE DAYS
 HEATING
  YESTERDAY       23                        19      4       19
  MONTH TO DATE  548                       548      0      550
  SINCE MAR 1   1343                      1467   -124     1505
  SINCE JUL 1   6793                      7319   -526     7439

 COOLING
  YESTERDAY        0                         0      0        0
  MONTH TO DATE    0                         0      0        0
  SINCE MAR 1      0                         0      0        0
  SINCE JAN 1      0                         0      0        0
..................................................................


WIND (MPH)
  HIGHEST WIND SPEED    14   HIGHEST WIND DIRECTION     N (20)
  HIGHEST GUST SPEED    18   HIGHEST GUST DIRECTION     N (20)
  AVERAGE WIND SPEED     4.4


SKY COVER
  POSSIBLE SUNSHINE  MM
  AVERAGE SKY COVER 0.2


WEATHER CONDITIONS
 THE FOLLOWING WEATHER WAS RECORDED YESTERDAY.
  NO SIGNIFICANT WEATHER WAS OBSERVED.


RELATIVE HUMIDITY (PERCENT)
 HIGHEST    92           500 AM
 LOWEST     26           200 PM
 AVERAGE    59

..........................................................


THE KALISPELL MT CLIMATE NORMALS FOR TODAY
                         NORMAL    RECORD    YEAR
 MAXIMUM TEMPERATURE (F)   59        77      1980
 MINIMUM TEMPERATURE (F)   33        21      1961


SUNRISE AND SUNSET
APRIL 26 2015.........SUNRISE   627 AM MDT   SUNSET   844 PM MDT
APRIL 27 2015.........SUNRISE   625 AM MDT   SUNSET   845 PM MDT


-  INDICATES NEGATIVE NUMBERS.
R  INDICATES RECORD WAS SET OR TIED.
MM INDICATES DATA IS MISSING.
T  INDICATES TRACE AMOUNT.




$$
