000
CDUS45 KTFX 061013
CLIGTF


CLIMATE REPORT
NATIONAL WEATHER SERVICE GREAT FALLS MT
412 AM MDT WED MAY 6 2015


...................................

...THE GREAT FALLS MT CLIMATE SUMMARY FOR MAY 5 2015...

CLIMATE NORMAL PERIOD 1981 TO 2010
CLIMATE RECORD PERIOD 1886 TO 2015


WEATHER ITEM   OBSERVED TIME   RECORD YEAR NORMAL DEPARTURE LAST
                VALUE   (LST)  VALUE       VALUE  FROM      YEAR
                                                  NORMAL
..................................................................
TEMPERATURE (F)
 YESTERDAY
  MAXIMUM         73    301 PM  88    1911  62     11       61
                                      1897
  MINIMUM         41    444 AM  26    1996  35      6       35
                                      1967
                                      1917
  AVERAGE         57                        49      8       48

PRECIPITATION (IN)
  YESTERDAY        T             0.57 1971   0.05  -0.05      T
  MONTH TO DATE    T                         0.26  -0.26     0.26
  SINCE OCT 1      5.33                      5.57  -0.24     7.80
  SINCE JAN 1      2.38                      3.57  -1.19     5.75

SNOWFALL (IN)
  YESTERDAY        0.0           2.4  2010   0.1   -0.1      0.0
  MONTH TO DATE    0.0                       0.7   -0.7       T
  SINCE MAR 1      1.6                      21.2  -19.6     15.2
  SINCE JUL 1     57.9                      61.2   -3.3     72.7
  SNOW DEPTH       0

DEGREE DAYS
 HEATING
  YESTERDAY        8                        17     -9       17
  MONTH TO DATE   51                        86    -35       84
  SINCE MAR 1   1324                      1698   -374     1814
  SINCE JUL 1   6462                      7203   -741     7468

 COOLING
  YESTERDAY        0                         0      0        0
  MONTH TO DATE    0                         0      0        0
  SINCE MAR 1      0                         1     -1        0
  SINCE JAN 1      0                         1     -1        0
..................................................................


WIND (MPH)
  HIGHEST WIND SPEED    31   HIGHEST WIND DIRECTION     W (250)
  HIGHEST GUST SPEED    40   HIGHEST GUST DIRECTION     W (250)
  AVERAGE WIND SPEED     5.8


SKY COVER
  AVERAGE SKY COVER 0.1


WEATHER CONDITIONS
 THE FOLLOWING WEATHER WAS RECORDED YESTERDAY.
  LIGHT RAIN


RELATIVE HUMIDITY (PERCENT)
 HIGHEST    83          1000 PM
 LOWEST     23           300 PM
 AVERAGE    53

..........................................................


THE GREAT FALLS MT CLIMATE NORMALS FOR TODAY
                         NORMAL    RECORD    YEAR
 MAXIMUM TEMPERATURE (F)   62        88      1928
 MINIMUM TEMPERATURE (F)   36        23      1919


SUNRISE AND SUNSET
MAY  6 2015...........SUNRISE   601 AM MDT   SUNSET   844 PM MDT
MAY  7 2015...........SUNRISE   600 AM MDT   SUNSET   845 PM MDT


-  INDICATES NEGATIVE NUMBERS.
R  INDICATES RECORD WAS SET OR TIED.
MM INDICATES DATA IS MISSING.
T  INDICATES TRACE AMOUNT.




$$
