000
CDUS44 KBRO 010627
CLIHRL


CLIMATE REPORT
NATIONAL WEATHER SERVICE BROWNSVILLE TX
126 AM CDT WED APR 1 2015


...................................

...THE HARLINGEN CLIMATE SUMMARY FOR MARCH 31 2015...

CLIMATE NORMAL PERIOD 1981 TO 2010
CLIMATE RECORD PERIOD 1912 TO 2015


WEATHER ITEM   OBSERVED TIME   RECORD YEAR NORMAL DEPARTURE LAST
                VALUE   (LST)  VALUE       VALUE  FROM      YEAR
                                                  NORMAL
..................................................................
TEMPERATURE (F)
 YESTERDAY
  MAXIMUM         84    152 PM 101    1989  83      1       84
  MINIMUM         65    108 AM  35    1937  61      4       60
  AVERAGE         75                        72      3       72

PRECIPITATION (IN)
  YESTERDAY        0.00          0.60 1935   0.04  -0.04     0.00
  MONTH TO DATE    3.06                      1.29   1.77     1.78
  SINCE MAR 1      3.06                      1.29   1.77     1.78
  SINCE JAN 1      5.98                      3.76   2.22     2.78

SNOWFALL (IN)
  YESTERDAY        0.0
  MONTH TO DATE    0.0
  SINCE MAR 1      0.0
  SINCE JUL 1      0.0

DEGREE DAYS
 HEATING
  YESTERDAY        0                         1     -1        0
  MONTH TO DATE   74                        49     25      107
  SINCE MAR 1     74                        46     28      107
  SINCE JUL 1    767                       614    153      918

 COOLING
  YESTERDAY       10                         8      2        7
  MONTH TO DATE  121                       170    -49      112
  SINCE MAR 1    121                       170    -49      112
  SINCE JAN 1    180                       295   -115      223
..................................................................


WIND (MPH)
  HIGHEST WIND SPEED    23   HIGHEST WIND DIRECTION     S (170)
  HIGHEST GUST SPEED    28   HIGHEST GUST DIRECTION     S (170)
  AVERAGE WIND SPEED    12.6



WEATHER CONDITIONS
 THE FOLLOWING WEATHER WAS RECORDED YESTERDAY.
  FOG


RELATIVE HUMIDITY (PERCENT)
 HIGHEST   100
 LOWEST     61
 AVERAGE    81

..........................................................


THE HARLINGEN CLIMATE NORMALS FOR TODAY
                         NORMAL    RECORD    YEAR
 MAXIMUM TEMPERATURE (F)   83       100      1939
 MINIMUM TEMPERATURE (F)   62        37      1987


SUNRISE AND SUNSET
APRIL  1 2015.........SUNRISE   722 AM CDT   SUNSET   748 PM CDT
APRIL  2 2015.........SUNRISE   721 AM CDT   SUNSET   748 PM CDT


-  INDICATES NEGATIVE NUMBERS.
R  INDICATES RECORD WAS SET OR TIED.
MM INDICATES DATA IS MISSING.
T  INDICATES TRACE AMOUNT.




$$
