000
CDUS44 KBRO 272234
CLIHRL


CLIMATE REPORT
NATIONAL WEATHER SERVICE BROWNSVILLE TX
452 PM CDT MON APR 27 2015


...................................

...THE HARLINGEN CLIMATE SUMMARY FOR APRIL 27 2015...
VALID TODAY AS OF 0400 PM LOCAL TIME.

CLIMATE NORMAL PERIOD 1981 TO 2010
CLIMATE RECORD PERIOD 1912 TO 2015


WEATHER ITEM   OBSERVED TIME   RECORD YEAR NORMAL DEPARTURE LAST
                VALUE   (LST)  VALUE       VALUE  FROM      YEAR
                                                  NORMAL
..................................................................
TEMPERATURE (F)
 TODAY
  MAXIMUM         88    255 PM 103    1984  88      0      100
  MINIMUM         78   1004 AM  49    1913  68     10       77
  AVERAGE         83                        78      5       89

PRECIPITATION (IN)
  TODAY            0.01          4.25 1941   0.06  -0.05     0.00
  MONTH TO DATE    3.73                      1.51   2.22     0.17
  SINCE MAR 1      6.79                      2.80   3.99     1.95
  SINCE JAN 1      9.71                      5.27   4.44     2.95

SNOWFALL (IN)
  TODAY            0.0
  MONTH TO DATE    0.0
  SINCE MAR 1      0.0
  SINCE JUL 1      0.0
  SNOW DEPTH       0

DEGREE DAYS
 HEATING
  TODAY            0                         0      0        0
  MONTH TO DATE    0                         7     -7       12
  SINCE MAR 1     74                        53     21      119
  SINCE JUL 1    767                       621    146      930

 COOLING
  TODAY           18                        13      5       24
  MONTH TO DATE  368                       280     88      253
  SINCE MAR 1    489                       450     39      365
  SINCE JAN 1    548                       575    -27      476
..................................................................


WIND (MPH)
  HIGHEST WIND SPEED    24   HIGHEST WIND DIRECTION    NW (330)
  HIGHEST GUST SPEED    29   HIGHEST GUST DIRECTION    NW (330)
  AVERAGE WIND SPEED    11.7



WEATHER CONDITIONS
 THE FOLLOWING WEATHER WAS RECORDED TODAY.
  LIGHT RAIN
  FOG
  HAZE


RELATIVE HUMIDITY (PERCENT)
 HIGHEST   100
 LOWEST     65
 AVERAGE    83

..........................................................


THE HARLINGEN CLIMATE NORMALS FOR TOMORROW
                         NORMAL    RECORD    YEAR
 MAXIMUM TEMPERATURE (F)   88       103      1937
 MINIMUM TEMPERATURE (F)   68        46      1920


SUNRISE AND SUNSET
APRIL 27 2015.........SUNRISE   657 AM CDT   SUNSET   800 PM CDT
APRIL 28 2015.........SUNRISE   656 AM CDT   SUNSET   801 PM CDT


-  INDICATES NEGATIVE NUMBERS.
R  INDICATES RECORD WAS SET OR TIED.
MM INDICATES DATA IS MISSING.
T  INDICATES TRACE AMOUNT.




$$
