000
CDUS42 KMHX 030530
CLIHSE


CLIMATE REPORT
NATIONAL WEATHER SERVICE NEWPORT/MOREHEAD CITY NC
129 AM EDT SUN MAY 3 2015


...................................

...THE CAPE HATTERAS NC CLIMATE SUMMARY FOR MAY 2 2015...

CLIMATE NORMAL PERIOD 1981 TO 2010
CLIMATE RECORD PERIOD 1874 TO 2015


WEATHER ITEM   OBSERVED TIME   RECORD YEAR NORMAL DEPARTURE LAST
                VALUE   (LST)  VALUE       VALUE  FROM      YEAR
                                                  NORMAL
..................................................................
TEMPERATURE (F)
 YESTERDAY
  MAXIMUM         58    226 PM  82    1910  70    -12       72
  MINIMUM         42   1159 PM  39    1971  57    -15       62
  AVERAGE         50                        64    -14       67

PRECIPITATION (IN)
  YESTERDAY        T             7.42 1934   0.12  -0.12     0.01
  MONTH TO DATE    0.14                      0.24  -0.10     0.71
  SINCE MAR 1      4.61                      8.65  -4.04    11.99
  SINCE JAN 1     16.56                     17.91  -1.35    22.08

SNOWFALL (IN)
  YESTERDAY        0.0
  MONTH TO DATE    0.0
  SINCE NOV 1      2.0
  SINCE JUL 1      2.0
  SNOW DEPTH       0

DEGREE DAYS
 HEATING
  YESTERDAY       15                         3     12        0
  MONTH TO DATE   25                         6     19        0
  SINCE MAR 1    602                       616    -14      692
  SINCE JUL 1   2775                      2540    235     2525

 COOLING
  YESTERDAY        0                         2     -2        2
  MONTH TO DATE    0                         4     -4        7
  SINCE MAR 1     17                        32    -15       34
  SINCE JAN 1     19                        32    -13       34
..................................................................


WIND (MPH)
  HIGHEST WIND SPEED    18   HIGHEST WIND DIRECTION     N (10)
  HIGHEST GUST SPEED    32   HIGHEST GUST DIRECTION     N (360)
  AVERAGE WIND SPEED     8.5


SKY COVER
  POSSIBLE SUNSHINE  MM
  AVERAGE SKY COVER 0.0


WEATHER CONDITIONS
 THE FOLLOWING WEATHER WAS RECORDED YESTERDAY.
  LIGHT RAIN


RELATIVE HUMIDITY (PERCENT)
 HIGHEST   100          1100 PM
 LOWEST     61           900 AM
 AVERAGE    81

..........................................................


THE CAPE HATTERAS NC CLIMATE NORMALS FOR TODAY
                         NORMAL    RECORD    YEAR
 MAXIMUM TEMPERATURE (F)   71        83      1906
 MINIMUM TEMPERATURE (F)   57        41      1966


SUNRISE AND SUNSET
MAY  3 2015...........SUNRISE   609 AM EDT   SUNSET   750 PM EDT
MAY  4 2015...........SUNRISE   608 AM EDT   SUNSET   751 PM EDT


-  INDICATES NEGATIVE NUMBERS.
R  INDICATES RECORD WAS SET OR TIED.
MM INDICATES DATA IS MISSING.
T  INDICATES TRACE AMOUNT.




$$
