000
CDUS43 KAPX 030538
CLIHTL


CLIMATE REPORT
NATIONAL WEATHER SERVICE GAYLORD MI
136 AM EDT SUN MAY 3 2015


...................................

...THE HOUGHTON LAKE MI CLIMATE SUMMARY FOR MAY 2 2015...

CLIMATE NORMAL PERIOD 1981 TO 2010
CLIMATE RECORD PERIOD 1913 TO 2015


WEATHER ITEM   OBSERVED TIME   RECORD YEAR NORMAL DEPARTURE LAST
                VALUE   (LST)  VALUE       VALUE  FROM      YEAR
                                                  NORMAL
..................................................................
TEMPERATURE (F)
 YESTERDAY
  MAXIMUM         74    353 PM  88    1959  62     12       48
  MINIMUM         40    622 AM  20    1932  37      3       42
  AVERAGE         57                        49      8       45

PRECIPITATION (IN)
  YESTERDAY        0.00          1.06 1947   0.08  -0.08     0.10
  MONTH TO DATE    0.00                      0.16  -0.16     0.16
  SINCE MAR 1      2.73                      4.48  -1.75     6.97
  SINCE JAN 1      4.54                      7.20  -2.66     9.77

SNOWFALL (IN)
  YESTERDAY        0.0           1.0  1940   0.0    0.0      0.0
  MONTH TO DATE    0.0                       0.0    0.0      0.0
  SINCE OCT 1     44.2                      66.5  -22.3     61.9
  SINCE JUL 1     44.2                      66.5  -22.3     61.9
  SNOW DEPTH       0

DEGREE DAYS
 HEATING
  YESTERDAY        8                        16     -8       20
  MONTH TO DATE   21                        32    -11       40
  SINCE MAR 1   1875                      1821     54     2162
  SINCE JUL 1   8242                      7693    549     8610

 COOLING
  YESTERDAY        0                         0      0        0
  MONTH TO DATE    0                         0      0        0
  SINCE MAR 1      0                         2     -2        0
  SINCE JAN 1      0                         2     -2        0
..................................................................


WIND (MPH)
  HIGHEST WIND SPEED    13   HIGHEST WIND DIRECTION     W (260)
  HIGHEST GUST SPEED    18   HIGHEST GUST DIRECTION     W (280)
  AVERAGE WIND SPEED     5.0




RELATIVE HUMIDITY (PERCENT)
 HIGHEST    93
 LOWEST     25
 AVERAGE    59

..........................................................


THE HOUGHTON LAKE MI CLIMATE NORMALS FOR TODAY
                         NORMAL    RECORD    YEAR
 MAXIMUM TEMPERATURE (F)   62        89      1928
 MINIMUM TEMPERATURE (F)   38        20      1920


SUNRISE AND SUNSET
MAY  3 2015...........SUNRISE   627 AM EDT   SUNSET   845 PM EDT
MAY  4 2015...........SUNRISE   626 AM EDT   SUNSET   846 PM EDT


-  INDICATES NEGATIVE NUMBERS.
R  INDICATES RECORD WAS SET OR TIED.
MM INDICATES DATA IS MISSING.
T  INDICATES TRACE AMOUNT.




$$
