000
CDUS41 KRLX 270719
CLIHTS


CLIMATE REPORT
NATIONAL WEATHER SERVICE CHARLESTON WV
318 AM EDT MON APR 27 2015


...................................

...THE HUNTINGTON WV CLIMATE SUMMARY FOR APRIL 26 2015...

CLIMATE NORMAL PERIOD 1981 TO 2010
CLIMATE RECORD PERIOD 1897 TO 2015


WEATHER ITEM   OBSERVED TIME   RECORD YEAR NORMAL DEPARTURE LAST
                VALUE   (LST)  VALUE       VALUE  FROM      YEAR
                                                  NORMAL
..................................................................
TEMPERATURE (F)
 YESTERDAY
  MAXIMUM         64    409 PM  92    1957  71     -7       79
                                      1948
  MINIMUM         42    648 AM  32    1919  48     -6       44
                                      1898
  AVERAGE         53                        59     -6       62

PRECIPITATION (IN)
  YESTERDAY        0.01          1.70 1914   0.12  -0.11      T
  MONTH TO DATE    7.38                      2.95   4.43     2.20
  SINCE JAN 1     19.15                     12.89   6.26    12.67

SNOWFALL (IN)
  YESTERDAY        0.0
  MONTH TO DATE    0.0
  SINCE SEP 1     36.6
  SNOW DEPTH       0

DEGREE DAYS
 HEATING
  YESTERDAY       12                         7      5        3
  MONTH TO DATE  219                       266    -47      198
  SINCE MAR 1    848                       862    -14      938
  SINCE JUL 1   4864                      4363    501     4699

 COOLING
  YESTERDAY        0                         1     -1        0
  MONTH TO DATE    9                        25    -16       14
  SINCE MAR 1      9                        30    -21       14
  SINCE JAN 1      9                        30    -21       14
..................................................................


WIND (MPH)
  HIGHEST WIND SPEED    15   HIGHEST WIND DIRECTION    NE (50)
  HIGHEST GUST SPEED    18   HIGHEST GUST DIRECTION    NE (60)
  AVERAGE WIND SPEED     6.8


SKY COVER
  POSSIBLE SUNSHINE  MM


WEATHER CONDITIONS
 THE FOLLOWING WEATHER WAS RECORDED YESTERDAY.
  LIGHT RAIN
  FOG


RELATIVE HUMIDITY (PERCENT)
 HIGHEST    96           600 AM
 LOWEST     32           400 PM
 AVERAGE    64

..........................................................


THE HUNTINGTON WV CLIMATE NORMALS FOR TODAY
                         NORMAL    RECORD    YEAR
 MAXIMUM TEMPERATURE (F)   71        92      1915
 MINIMUM TEMPERATURE (F)   48        31      1926


SUNRISE AND SUNSET
APRIL 27 2015.........SUNRISE   639 AM EDT   SUNSET   818 PM EDT
APRIL 28 2015.........SUNRISE   637 AM EDT   SUNSET   819 PM EDT


-  INDICATES NEGATIVE NUMBERS.
R  INDICATES RECORD WAS SET OR TIED.
MM INDICATES DATA IS MISSING.
T  INDICATES TRACE AMOUNT.




$$
