000
CDUS43 KIND 190530
CLIHUF


CLIMATE REPORT
NATIONAL WEATHER SERVICE INDIANAPOLIS IN
130 AM EDT SUN APR 19 2015


...................................

...THE TERRE HAUTE IN CLIMATE SUMMARY FOR APRIL 18 2015...

CLIMATE NORMAL PERIOD 1981 TO 2010
CLIMATE RECORD PERIOD 9999 TO 9999


WEATHER ITEM   OBSERVED TIME   NORMAL DEPARTURE LAST
                VALUE   (LST)  VALUE  FROM      YEAR
                                      NORMAL
......................................................
TEMPERATURE (F)
 YESTERDAY
  MAXIMUM         76    105 PM  65     11       70
  MINIMUM         48    612 AM  43      5       42
  AVERAGE         62            54      8       56

PRECIPITATION (IN)
  YESTERDAY        0.00          0.12  -0.12     0.00
  MONTH TO DATE    3.29          1.94   1.35     4.65
  SINCE MAR 1      6.69          5.31   1.38     6.40
  SINCE JAN 1      9.59          9.60  -0.01    10.43

DEGREE DAYS
 HEATING
  YESTERDAY        3            11     -8        9
  MONTH TO DATE  148           252   -104      246
  SINCE MAR 1    951           943      8     1108
  SINCE JUL 1   5585          5106    479     5843

 COOLING
  YESTERDAY        0             1     -1        0
  MONTH TO DATE    6             4      2        3
  SINCE MAR 1      6             5      1        3
  SINCE JAN 1      6             5      1        3
......................................................


WIND (MPH)
  HIGHEST WIND SPEED    13   HIGHEST WIND DIRECTION     E (70)
  HIGHEST GUST SPEED    15   HIGHEST GUST DIRECTION     E (80)
  AVERAGE WIND SPEED     4.6


SKY COVER
  AVERAGE SKY COVER 0.0


WEATHER CONDITIONS
 THE FOLLOWING WEATHER WAS RECORDED YESTERDAY.
  NO SIGNIFICANT WEATHER WAS OBSERVED.


RELATIVE HUMIDITY (PERCENT)
 HIGHEST    93           400 AM
 LOWEST     36           400 PM
 AVERAGE    65

..........................................................


THE TERRE HAUTE IN CLIMATE NORMALS FOR TODAY
                         NORMAL
 MAXIMUM TEMPERATURE (F)   65
 MINIMUM TEMPERATURE (F)   43


SUNRISE AND SUNSET
APRIL 19 2015.........SUNRISE   707 AM EDT   SUNSET   831 PM EDT
APRIL 20 2015.........SUNRISE   705 AM EDT   SUNSET   832 PM EDT


-  INDICATES NEGATIVE NUMBERS.
R  INDICATES RECORD WAS SET OR TIED.
MM INDICATES DATA IS MISSING.
T  INDICATES TRACE AMOUNT.




$$
