000
CDUS41 KCAR 180526
CLIHUL


CLIMATE REPORT
NATIONAL WEATHER SERVICE CARIBOU, ME
125 AM EDT SAT APR 18 2015


...................................

...THE HOULTON ME CLIMATE SUMMARY FOR APRIL 17 2015...

CLIMATE NORMAL PERIOD 1981 TO 2010
CLIMATE RECORD PERIOD 1948 TO 2015


WEATHER ITEM   OBSERVED TIME   RECORD YEAR NORMAL DEPARTURE LAST
                VALUE   (LST)  VALUE       VALUE  FROM      YEAR
                                                  NORMAL
..................................................................
TEMPERATURE (F)
 YESTERDAY
  MAXIMUM         64    345 PM  80    2012  51     13       41
  MINIMUM         37    402 AM   8    2003  29      8       10
  AVERAGE         51                        40     11       26

PRECIPITATION (IN)
  YESTERDAY        0.05          0.99 1954   0.12  -0.07     0.00
  MONTH TO DATE    1.02                      2.17  -1.15     2.29
  SINCE MAR 1      1.73                      4.76  -3.03     4.77
  SINCE JAN 1      3.83                      9.62  -5.79    10.35

SNOWFALL (IN)
  YESTERDAY       MM             4.9  1953   0.3   MM       MM
  MONTH TO DATE   MM                         4.6   MM       MM
  SINCE MAR 1     MM                        22.4   MM       MM
  SINCE JUL 1     MM                        88.0   MM       MM
  SNOW DEPTH      MM

DEGREE DAYS
 HEATING
  YESTERDAY       14                        25    -11       39
  MONTH TO DATE  532                       492     40      476
  SINCE MAR 1   1928                      1715    213     1977
  SINCE JUL 1   8496                      8288    208     8567

 COOLING
  YESTERDAY        0                         0      0        0
  MONTH TO DATE    0                         0      0        0
  SINCE MAR 1      0                         0      0        0
  SINCE JAN 1      0                         0      0        0
..................................................................


WIND (MPH)
  HIGHEST WIND SPEED    17   HIGHEST WIND DIRECTION    SW (240)
  HIGHEST GUST SPEED    23   HIGHEST GUST DIRECTION    SW (230)
  AVERAGE WIND SPEED     8.9


SKY COVER
  POSSIBLE SUNSHINE  MM
  AVERAGE SKY COVER 0.4


WEATHER CONDITIONS
 THE FOLLOWING WEATHER WAS RECORDED YESTERDAY.
  LIGHT RAIN
  FOG


RELATIVE HUMIDITY (PERCENT)
 HIGHEST    89          1000 AM
 LOWEST     34           400 PM
 AVERAGE    62

..........................................................


THE HOULTON ME CLIMATE NORMALS FOR TODAY
                         NORMAL    RECORD    YEAR
 MAXIMUM TEMPERATURE (F)   51        68      1973
 MINIMUM TEMPERATURE (F)   30         6      2003


SUNRISE AND SUNSET
APRIL 18 2015.........SUNRISE   540 AM EDT   SUNSET   722 PM EDT
APRIL 19 2015.........SUNRISE   538 AM EDT   SUNSET   723 PM EDT


-  INDICATES NEGATIVE NUMBERS.
R  INDICATES RECORD WAS SET OR TIED.
MM INDICATES DATA IS MISSING.
T  INDICATES TRACE AMOUNT.




$$
