000
CDUS43 KUNR 030837
CLIICR


CLIMATE REPORT
NATIONAL WEATHER SERVICE RAPID CITY SD
234 AM MDT SUN MAY 3 2015


...................................

...THE WINNER REGIONAL AIRPORT SD CLIMATE SUMMARY FOR MAY 2 2015...

CLIMATE NORMAL PERIOD 1981 TO 2010
CLIMATE RECORD PERIOD 9999 TO 9999


WEATHER ITEM   OBSERVED TIME   NORMAL DEPARTURE LAST
                VALUE   (LST)  VALUE  FROM      YEAR
                                      NORMAL
......................................................
TEMPERATURE (F)
 YESTERDAY
  MAXIMUM         88    430 PM  65     23       63
  MINIMUM         54    127 AM  42     12       42
  AVERAGE         71            54     17       53

PRECIPITATION (IN)
  YESTERDAY        0.00          0.13  -0.13      T
  MONTH TO DATE    0.01          0.25  -0.24      T
  SINCE MAR 1      0.86          4.12  -3.26     2.35
  SINCE JAN 1      0.95          4.88  -3.93     2.43

DEGREE DAYS
 HEATING
  YESTERDAY        0            12    -12       12
  MONTH TO DATE    5            24    -19       30
  SINCE MAR 1   1018          1419   -401     1459
  SINCE JUL 1   5778          6428   -650     6792

 COOLING
  YESTERDAY        6             0      6        0
  MONTH TO DATE    6             0      6        0
  SINCE MAR 1     18             2     16        3
  SINCE JAN 1     18             2     16        3
......................................................


WIND (MPH)
  HIGHEST WIND SPEED    21   HIGHEST WIND DIRECTION     S (180)
  HIGHEST GUST SPEED    25   HIGHEST GUST DIRECTION     S (180)
  AVERAGE WIND SPEED    11.6


SKY COVER
  AVERAGE SKY COVER 0.0


WEATHER CONDITIONS
 THE FOLLOWING WEATHER WAS RECORDED YESTERDAY.
  NO SIGNIFICANT WEATHER WAS OBSERVED.


RELATIVE HUMIDITY (PERCENT)
 HIGHEST    67           600 AM
 LOWEST     16           400 PM
 AVERAGE    42

..........................................................




SUNRISE AND SUNSET
MAY  3 2015...........SUNRISE   630 AM CDT   SUNSET   843 PM CDT
MAY  4 2015...........SUNRISE   629 AM CDT   SUNSET   844 PM CDT


-  INDICATES NEGATIVE NUMBERS.
R  INDICATES RECORD WAS SET OR TIED.
MM INDICATES DATA IS MISSING.
T  INDICATES TRACE AMOUNT.




$$
