000
CDUS45 KPIH 010734
CLIIDA


CLIMATE REPORT
NATIONAL WEATHER SERVICE POCATELLO ID
131 AM MDT WED APR 1 2015


...................................

...THE IDAHO FALLS ID CLIMATE SUMMARY FOR MARCH 31 2015...

CLIMATE NORMAL PERIOD 1981 TO 2010
CLIMATE RECORD PERIOD 1948 TO 2015


WEATHER ITEM   OBSERVED TIME   RECORD YEAR NORMAL DEPARTURE LAST
                VALUE   (LST)  VALUE       VALUE  FROM      YEAR
                                                  NORMAL
..................................................................
TEMPERATURE (F)
 YESTERDAY
  MAXIMUM         71   1228 PM  73    2012  53     18       46
  MINIMUM         32    531 AM  17    1988  29      3       24
  AVERAGE         52                        41     11       35

PRECIPITATION (IN)
  YESTERDAY        0.00          0.14 1978   0.03  -0.03     0.00
  MONTH TO DATE    0.07                      0.86  -0.79     1.40
  SINCE OCT 1      1.98                      4.78  -2.80     3.59
  SINCE JAN 1      0.52                      2.21  -1.69     2.29

SNOWFALL (IN)
  YESTERDAY       MM
  MONTH TO DATE   MM
  SINCE MAR 1     MM
  SINCE JUL 1     MM
  SNOW DEPTH      MM

DEGREE DAYS
 HEATING
  YESTERDAY       13                        24    -11       30
  MONTH TO DATE  692                       902   -210      792
  SINCE MAR 1    692                       902   -210      792
  SINCE JUL 1   5510                      6704  -1194     6309

 COOLING
  YESTERDAY        0                         0      0        0
  MONTH TO DATE    0                         0      0        0
  SINCE MAR 1      0                         0      0        0
  SINCE JAN 1      0                         0      0        0
..................................................................


WIND (MPH)
  HIGHEST WIND SPEED    30   HIGHEST WIND DIRECTION    SW (220)
  HIGHEST GUST SPEED    40   HIGHEST GUST DIRECTION     S (200)
  AVERAGE WIND SPEED    14.1


SKY COVER
  POSSIBLE SUNSHINE  MM
  AVERAGE SKY COVER 0.3


WEATHER CONDITIONS
 THE FOLLOWING WEATHER WAS RECORDED YESTERDAY.
  SANDSTORM


RELATIVE HUMIDITY (PERCENT)
 HIGHEST    64           600 AM
 LOWEST     15           300 PM
 AVERAGE    40

..........................................................


THE IDAHO FALLS ID CLIMATE NORMALS FOR TODAY
                         NORMAL    RECORD    YEAR
 MAXIMUM TEMPERATURE (F)   53        70      1990
 MINIMUM TEMPERATURE (F)   30        14      1970


SUNRISE AND SUNSET
APRIL  1 2015.........SUNRISE   710 AM MDT   SUNSET   755 PM MDT
APRIL  2 2015.........SUNRISE   709 AM MDT   SUNSET   756 PM MDT


-  INDICATES NEGATIVE NUMBERS.
R  INDICATES RECORD WAS SET OR TIED.
MM INDICATES DATA IS MISSING.
T  INDICATES TRACE AMOUNT.




$$
