000
CDUS43 KUNR 020833
CLIIEN


CLIMATE REPORT
NATIONAL WEATHER SERVICE RAPID CITY SD
232 AM MDT THU APR 2 2015


...................................

...THE PINE RIDGE SD CLIMATE SUMMARY FOR APRIL 1 2015...

CLIMATE NORMAL PERIOD 1981 TO 2010
CLIMATE RECORD PERIOD 9999 TO 9999


WEATHER ITEM   OBSERVED TIME   NORMAL DEPARTURE LAST
                VALUE   (LST)  VALUE  FROM      YEAR
                                      NORMAL
......................................................
TEMPERATURE (F)
 YESTERDAY
  MAXIMUM         66    147 PM  56     10       32
  MINIMUM         29   1155 PM  28      1       -1
  AVERAGE         48            42      6       16

PRECIPITATION (IN)
  YESTERDAY        0.00          0.04  -0.04     0.07
  MONTH TO DATE    0.00          0.04  -0.04     0.07
  SINCE MAR 1      0.18          0.91  -0.73     0.41
  SINCE JAN 1      0.64          1.70  -1.06     0.68

DEGREE DAYS
 HEATING
  YESTERDAY       17            23     -6       49
  MONTH TO DATE   17            23     -6       49
  SINCE MAR 1    724           911   -187      982
  SINCE JUL 1   5934          6261   -327     6464

 COOLING
  YESTERDAY        0             0      0        0
  MONTH TO DATE    0             0      0        0
  SINCE MAR 1      0             0      0        0
  SINCE JAN 1      0             0      0        0
......................................................


WIND (MPH)
  HIGHEST WIND SPEED    25   HIGHEST WIND DIRECTION     N (10)
  HIGHEST GUST SPEED    31   HIGHEST GUST DIRECTION     N (20)
  AVERAGE WIND SPEED    10.9


SKY COVER
  AVERAGE SKY COVER 0.1


WEATHER CONDITIONS
 THE FOLLOWING WEATHER WAS RECORDED YESTERDAY.
  HAZE


RELATIVE HUMIDITY (PERCENT)
 HIGHEST    51          1100 PM
 LOWEST     19          1200 AM
 AVERAGE    35

..........................................................




SUNRISE AND SUNSET
APRIL  2 2015.........SUNRISE   631 AM MDT   SUNSET   717 PM MDT
APRIL  3 2015.........SUNRISE   629 AM MDT   SUNSET   719 PM MDT


-  INDICATES NEGATIVE NUMBERS.
R  INDICATES RECORD WAS SET OR TIED.
MM INDICATES DATA IS MISSING.
T  INDICATES TRACE AMOUNT.




$$
