000
CDUS41 KPHI 180626
CLIILG


CLIMATE REPORT
NATIONAL WEATHER SERVICE MOUNT HOLLY NJ
226 AM EDT SAT APR 18 2015


...................................

...THE WILMINGTON DE CLIMATE SUMMARY FOR APRIL 17 2015...

CLIMATE NORMAL PERIOD 1981 TO 2010
CLIMATE RECORD PERIOD 1894 TO 2015


WEATHER ITEM   OBSERVED TIME   RECORD YEAR NORMAL DEPARTURE LAST
                VALUE   (LST)  VALUE       VALUE  FROM      YEAR
                                                  NORMAL
..................................................................
TEMPERATURE (F)
 YESTERDAY
  MAXIMUM         74    520 PM  97    1896  64     10       54
  MINIMUM         54    706 AM  27    1980  44     10       34
                                      1962
  AVERAGE         64                        54     10       44

PRECIPITATION (IN)
  YESTERDAY        0.25          1.73 1933   0.11   0.14     0.00
  MONTH TO DATE    1.42                      2.05  -0.63     1.75
  SINCE MAR 1      6.81                      5.97   0.84     5.57
  SINCE JAN 1     13.42                     11.66   1.76    14.15

SNOWFALL (IN)
  YESTERDAY        0.0           0.0  1894   0.0    0.0      0.0
  MONTH TO DATE    0.0                       0.2   -0.2      0.0
  SINCE MAR 1      8.6                       2.1    6.5      7.7
  SINCE JUL 1     23.4                      20.1    3.3     56.1
  SNOW DEPTH       0

DEGREE DAYS
 HEATING
  YESTERDAY        1                        12    -11       21
  MONTH TO DATE  208                       240    -32      213
  SINCE MAR 1   1042                       923    119     1033
  SINCE JUL 1   4881                      4546    335     4888

 COOLING
  YESTERDAY        0                         0      0        0
  MONTH TO DATE    0                         0      0        7
  SINCE MAR 1      0                         1     -1        7
  SINCE JAN 1      0                         1     -1        7
..................................................................


WIND (MPH)
  HIGHEST WIND SPEED    14   HIGHEST WIND DIRECTION    SW (240)
  HIGHEST GUST SPEED    16   HIGHEST GUST DIRECTION    SW (240)
  AVERAGE WIND SPEED     6.0


SKY COVER
  POSSIBLE SUNSHINE  MM
  AVERAGE SKY COVER 0.8


WEATHER CONDITIONS
 THE FOLLOWING WEATHER WAS RECORDED YESTERDAY.
  RAIN
  LIGHT RAIN
  FOG


RELATIVE HUMIDITY (PERCENT)
 HIGHEST   100           300 AM
 LOWEST     61           200 PM
 AVERAGE    81

..........................................................


THE WILMINGTON DE CLIMATE NORMALS FOR TODAY
                         NORMAL    RECORD    YEAR
 MAXIMUM TEMPERATURE (F)   65        97      1896
 MINIMUM TEMPERATURE (F)   44        30      1926


SUNRISE AND SUNSET
APRIL 18 2015.........SUNRISE   621 AM EDT   SUNSET   743 PM EDT
APRIL 19 2015.........SUNRISE   620 AM EDT   SUNSET   744 PM EDT


-  INDICATES NEGATIVE NUMBERS.
R  INDICATES RECORD WAS SET OR TIED.
MM INDICATES DATA IS MISSING.
T  INDICATES TRACE AMOUNT.




$$
