000
CDUS42 KILM 062047
CLIILM


CLIMATE REPORT
NATIONAL WEATHER SERVICE WILMINGTON NC
447 PM EDT WED MAY 6 2015


...................................

...THE WILMINGTON NC CLIMATE SUMMARY FOR MAY 6 2015...
VALID TODAY AS OF 0400 PM LOCAL TIME.

CLIMATE NORMAL PERIOD 1981 TO 2010
CLIMATE RECORD PERIOD 1871 TO 2015


WEATHER ITEM   OBSERVED TIME   RECORD YEAR NORMAL DEPARTURE LAST
                VALUE   (LST)  VALUE       VALUE  FROM      YEAR
                                                  NORMAL
..................................................................
TEMPERATURE (F)
 TODAY
  MAXIMUM         75   1217 PM  95    1952  79     -4       92
  MINIMUM         55    427 AM  42    1920  57     -2       66
  AVERAGE         65                        68     -3       79

PRECIPITATION (IN)
  TODAY            0.00          2.17 2005   0.13  -0.13     0.00
  MONTH TO DATE    0.18                      0.70  -0.52     0.01
  SINCE MAR 1      5.77                      7.73  -1.96    11.30
  SINCE JAN 1     15.09                     15.11  -0.02    16.76

DEGREE DAYS
 HEATING
  TODAY            0                         2     -2        0
  MONTH TO DATE   10                        12     -2        0
  SINCE MAR 1    414                       465    -51      498
  SINCE JUL 1   2597                      2394    203     2432

 COOLING
  TODAY            0                         4     -4       14
  MONTH TO DATE    1                        24    -23       42
  SINCE MAR 1     84                       107    -23      152
  SINCE JAN 1     90                       112    -22      157
..................................................................


WIND (MPH)
  HIGHEST WIND SPEED    17   HIGHEST WIND DIRECTION     E (80)
  HIGHEST GUST SPEED    24   HIGHEST GUST DIRECTION     E (70)
  AVERAGE WIND SPEED     6.5


SKY COVER
  POSSIBLE SUNSHINE  MM
  AVERAGE SKY COVER 0.0


WEATHER CONDITIONS
 THE FOLLOWING WEATHER WAS RECORDED TODAY.
  NO SIGNIFICANT WEATHER WAS OBSERVED.


RELATIVE HUMIDITY (PERCENT)
 HIGHEST   100           500 AM
 LOWEST     50          1200 PM
 AVERAGE    75

..........................................................


THE WILMINGTON NC CLIMATE NORMALS FOR TOMORROW
                         NORMAL    RECORD    YEAR
 MAXIMUM TEMPERATURE (F)   79        93      1986
                                             1977
 MINIMUM TEMPERATURE (F)   57        41      1989
                                             1891


SUNRISE AND SUNSET
MAY  6 2015...........SUNRISE   617 AM EDT   SUNSET   800 PM EDT
MAY  7 2015...........SUNRISE   616 AM EDT   SUNSET   800 PM EDT


-  INDICATES NEGATIVE NUMBERS.
R  INDICATES RECORD WAS SET OR TIED.
MM INDICATES DATA IS MISSING.
T  INDICATES TRACE AMOUNT.




$$
