000
CDUS45 KFGZ 051022
CLIINW
CLIMATE REPORT
NATIONAL WEATHER SERVICE FLAGSTAFF, AZ
321 AM MST TUE MAY 5 2015


...................................

...THE WINSLOW AZ AIRPORT CLIMATE SUMMARY FOR MAY 4 2015...

CLIMATE NORMAL PERIOD 1981 TO 2010
CLIMATE RECORD PERIOD 1915 TO 2015


WEATHER ITEM   OBSERVED TIME   RECORD YEAR NORMAL DEPARTURE LAST
                VALUE   (LST)  VALUE       VALUE  FROM      YEAR
                                                  NORMAL
..................................................................
TEMPERATURE (F)
 YESTERDAY
  MAXIMUM         68    315 PM  92    1947  78    -10       86
  MINIMUM         49    225 AM  30    2001  42      7       50
  AVERAGE         59                        60     -1       68

PRECIPITATION (IN)
  YESTERDAY        0.23          0.57 1976   0.01   0.22     0.00
  MONTH TO DATE    0.27                      0.04   0.23     0.00
  SINCE SEP 1      5.71                      4.30   1.41     4.99
  SINCE JAN 1      2.86                      1.82   1.04     1.18

DEGREE DAYS
 HEATING
  YESTERDAY        6                         6      0        0
  MONTH TO DATE    8                        24    -16       21
  SINCE JUL 1   3682                      4403   -721     4189

 COOLING
  YESTERDAY        0                         1     -1        3
  MONTH TO DATE    3                         4     -1        3
  SINCE JAN 1      3                         8     -5        4
..................................................................


WIND (MPH)
  HIGHEST WIND SPEED    26   HIGHEST WIND DIRECTION    SW (220)
  HIGHEST GUST SPEED    31   HIGHEST GUST DIRECTION    SW (230)
  AVERAGE WIND SPEED     8.8


SKY COVER
  POSSIBLE SUNSHINE  MM
  AVERAGE SKY COVER 0.4


WEATHER CONDITIONS
 THE FOLLOWING WEATHER WAS RECORDED YESTERDAY.
  LIGHT RAIN
  FOG


RELATIVE HUMIDITY (PERCENT)
 HIGHEST    89           900 AM
 LOWEST     43           600 PM
 AVERAGE    66

..........................................................


THE WINSLOW AZ AIRPORT CLIMATE NORMALS FOR TODAY
                         NORMAL    RECORD    YEAR
 MAXIMUM TEMPERATURE (F)   78        92      1947
 MINIMUM TEMPERATURE (F)   43        30      1950


SUNRISE AND SUNSET
MAY  5 2015...........SUNRISE   528 AM MST   SUNSET   712 PM MST
MAY  6 2015...........SUNRISE   527 AM MST   SUNSET   712 PM MST


-  INDICATES NEGATIVE NUMBERS.
R  INDICATES RECORD WAS SET OR TIED.
MM INDICATES DATA IS MISSING.
T  INDICATES TRACE AMOUNT.




$$
