000
CDUS44 KMEG 252155
CLIJBR


CLIMATE REPORT
NATIONAL WEATHER SERVICE MEMPHIS TN
455 PM CDT SAT APR 25 2015


...................................

...THE JONESBORO CLIMATE SUMMARY FOR APRIL 25 2015...
VALID TODAY AS OF 0400 PM LOCAL TIME.

CLIMATE NORMAL PERIOD 1981 TO 2010
CLIMATE RECORD PERIOD 1897 TO 2015


WEATHER ITEM   OBSERVED TIME   RECORD YEAR NORMAL DEPARTURE LAST
                VALUE   (LST)  VALUE       VALUE  FROM      YEAR
                                                  NORMAL
..................................................................
TEMPERATURE (F)
 TODAY
  MAXIMUM         78    350 PM  95    1901  73      5       76
  MINIMUM         57    106 AM  30    1910  52      5       54
  AVERAGE         68                        63      5       65

PRECIPITATION (IN)
  TODAY            0.00          2.24 2011   0.18  -0.18     0.00
  MONTH TO DATE    5.82                      4.07   1.75     4.42
  SINCE MAR 1     13.14                      8.57   4.57     9.43
  SINCE JAN 1     17.97                     15.72   2.25    14.14

SNOWFALL (IN)
  TODAY            0.0

DEGREE DAYS
 HEATING
  TODAY            0                         4     -4        0
  MONTH TO DATE  118                       180    -62      171
  SINCE MAR 1    683                       644     39      802
  SINCE JUL 1   3931                      3600    331     4067

 COOLING
  TODAY            3                         2      1        0
  MONTH TO DATE   28                        31     -3       14
  SINCE MAR 1     28                        37     -9       14
  SINCE JAN 1     28                        37     -9       14
..................................................................


WIND (MPH)
  HIGHEST WIND SPEED    28   HIGHEST WIND DIRECTION    SW (220)
  HIGHEST GUST SPEED    40   HIGHEST GUST DIRECTION    SW (220)
  AVERAGE WIND SPEED    15.3


SKY COVER
  POSSIBLE SUNSHINE  MM
  AVERAGE SKY COVER 0.7


WEATHER CONDITIONS
 THE FOLLOWING WEATHER WAS RECORDED TODAY.
  FOG


RELATIVE HUMIDITY (PERCENT)
 HIGHEST   100           100 AM
 LOWEST     60           300 PM
 AVERAGE    80

..........................................................


THE JONESBORO CLIMATE NORMALS FOR TOMORROW
                         NORMAL    RECORD    YEAR
 MAXIMUM TEMPERATURE (F)   74        93      1901
 MINIMUM TEMPERATURE (F)   53        29      1919


SUNRISE AND SUNSET
APRIL 25 2015.........SUNRISE   617 AM CDT   SUNSET   744 PM CDT
APRIL 26 2015.........SUNRISE   616 AM CDT   SUNSET   745 PM CDT


-  INDICATES NEGATIVE NUMBERS.
R  INDICATES RECORD WAS SET OR TIED.
MM INDICATES DATA IS MISSING.
T  INDICATES TRACE AMOUNT.




$$
