000
CDUS41 KCTP 280609
CLIJST


CLIMATE REPORT
NATIONAL WEATHER SERVICE STATE COLLEGE PA
208 AM EDT TUE APR 28 2015


...................................

...THE JOHNSTOWN CLIMATE SUMMARY FOR APRIL 27 2015...

CLIMATE NORMAL PERIOD 1981 TO 2010
CLIMATE RECORD PERIOD 2000 TO 2015


WEATHER ITEM   OBSERVED TIME   RECORD YEAR NORMAL DEPARTURE LAST
                VALUE   (LST)  VALUE       VALUE  FROM      YEAR
                                                  NORMAL
..................................................................
TEMPERATURE (F)
 YESTERDAY
  MAXIMUM         48    302 PM  93    1915  61    -13       58
  MINIMUM         36   1044 PM  27    1993  42     -6       32
  AVERAGE         42                        52    -10       45

PRECIPITATION (IN)
  YESTERDAY        0.02          1.05 1959   0.12  -0.10     0.00
  MONTH TO DATE    3.32                      3.26   0.06     2.88
  SINCE MAR 1      7.37                      6.55   0.82     4.83
  SINCE JAN 1     10.77                     11.78  -1.01     8.87

DEGREE DAYS
 HEATING
  YESTERDAY       23                        14      9       20
  MONTH TO DATE  434                       499    -65      474
  SINCE MAR 1   1415                      1412      3     1570
  SINCE JUL 1   6604                      6291    313     6898

 COOLING
  YESTERDAY        0                         0      0        0
  MONTH TO DATE    0                         0      0        4
  SINCE MAR 1      0                         0      0        4
  SINCE JAN 1      0                         0      0        4
..................................................................


WIND (MPH)
  HIGHEST WIND SPEED    22   HIGHEST WIND DIRECTION    NW (310)
  HIGHEST GUST SPEED    27   HIGHEST GUST DIRECTION    NW (300)
  AVERAGE WIND SPEED    12.1


SKY COVER
  POSSIBLE SUNSHINE  MM
  AVERAGE SKY COVER 0.9


WEATHER CONDITIONS
 THE FOLLOWING WEATHER WAS RECORDED YESTERDAY.
  LIGHT RAIN
  FOG


RELATIVE HUMIDITY (PERCENT)
 HIGHEST    85           600 PM
 LOWEST     55          1200 AM
 AVERAGE    70

..........................................................


THE JOHNSTOWN CLIMATE NORMALS FOR TODAY
                         NORMAL    RECORD    YEAR
 MAXIMUM TEMPERATURE (F)   62        92      1990
 MINIMUM TEMPERATURE (F)   42        25      1934


SUNRISE AND SUNSET
APRIL 28 2015.........SUNRISE   619 AM EDT   SUNSET   807 PM EDT
APRIL 29 2015.........SUNRISE   618 AM EDT   SUNSET   808 PM EDT


-  INDICATES NEGATIVE NUMBERS.
R  INDICATES RECORD WAS SET OR TIED.
MM INDICATES DATA IS MISSING.
T  INDICATES TRACE AMOUNT.




$$
