000
CDUS46 KLOX 060857
CLILAX


CLIMATE REPORT
NATIONAL WEATHER SERVICE LOS ANGELES/OXNARD CA
157 AM PDT WED MAY 6 2015


...................................

...THE LOS ANGELES INTL AIRPORT CA CLIMATE SUMMARY FOR MAY 5 2015...

CLIMATE NORMAL PERIOD 1981 TO 2010
CLIMATE RECORD PERIOD 1944 TO 2015


WEATHER ITEM   OBSERVED TIME   RECORD YEAR NORMAL DEPARTURE LAST
                VALUE   (LST)  VALUE       VALUE  FROM      YEAR
                                                  NORMAL
..................................................................
TEMPERATURE (F)
 YESTERDAY
  MAXIMUM         65    149 PM  86    1991  68     -3       70
  MINIMUM         57   1240 AM  46    1964  56      1       58
  AVERAGE         61                        62     -1       64

PRECIPITATION (IN)
  YESTERDAY        0.00          0.46 1998   0.01  -0.01     0.00
  MONTH TO DATE    0.00                      0.06  -0.06     0.00
  SINCE OCT 1      6.82                     12.29  -5.47     4.42
  SINCE JAN 1      2.12                      8.57  -6.45     3.41

SNOWFALL (IN)
  YESTERDAY        0.0
  MONTH TO DATE    0.0
  SINCE MAR 1      0.0
  SINCE JUL 1      0.0

DEGREE DAYS
 HEATING
  YESTERDAY        4                         4      0        1
  MONTH TO DATE   15                        20     -5        1
  SINCE MAR 1    182                       399   -217      184
  SINCE JUL 1    715                      1328   -613      739

 COOLING
  YESTERDAY        0                         0      0        0
  MONTH TO DATE    0                         4     -4       33
  SINCE MAR 1     86                        21     65       80
  SINCE JAN 1    113                        30     83       96
..................................................................


WIND (MPH)
  HIGHEST WIND SPEED    15   HIGHEST WIND DIRECTION     W (260)
  HIGHEST GUST SPEED    21   HIGHEST GUST DIRECTION     W (260)
  AVERAGE WIND SPEED     6.7


SKY COVER
  POSSIBLE SUNSHINE  MM
  AVERAGE SKY COVER 0.8


WEATHER CONDITIONS
 THE FOLLOWING WEATHER WAS RECORDED YESTERDAY.
  NO SIGNIFICANT WEATHER WAS OBSERVED.


RELATIVE HUMIDITY (PERCENT)
 HIGHEST    80          1200 AM
 LOWEST     56           100 PM
 AVERAGE    68

..........................................................


THE LOS ANGELES INTL AIRPORT CA CLIMATE NORMALS FOR TODAY
                         NORMAL    RECORD    YEAR
 MAXIMUM TEMPERATURE (F)   68        84      1953
                                             1949
 MINIMUM TEMPERATURE (F)   56        48      1964


SUNRISE AND SUNSET
MAY  6 2015...........SUNRISE   600 AM PDT   SUNSET   741 PM PDT
MAY  7 2015...........SUNRISE   559 AM PDT   SUNSET   742 PM PDT


-  INDICATES NEGATIVE NUMBERS.
R  INDICATES RECORD WAS SET OR TIED.
MM INDICATES DATA IS MISSING.
T  INDICATES TRACE AMOUNT.




$$
