000
CDUS46 KLOX 210903
CLILGB


CLIMATE REPORT
NATIONAL WEATHER SERVICE LOS ANGELES/OXNARD CA
203 AM PDT TUE APR 21 2015


...................................

...THE LONG BEACH AIRPORT CA CLIMATE SUMMARY FOR APRIL 20 2015...

CLIMATE NORMAL PERIOD 1981 TO 2010
CLIMATE RECORD PERIOD 1958 TO 2015


WEATHER ITEM   OBSERVED TIME   RECORD YEAR NORMAL DEPARTURE LAST
                VALUE   (LST)  VALUE       VALUE  FROM      YEAR
                                                  NORMAL
..................................................................
TEMPERATURE (F)
 YESTERDAY
  MAXIMUM         70    344 PM 100    2009  72     -2       76
  MINIMUM         58    946 PM  41    1967  54      4       58
  AVERAGE         64                        63      1       67

PRECIPITATION (IN)
  YESTERDAY        0.00          0.48 2007   0.02  -0.02     0.00
  MONTH TO DATE    0.21                      0.46  -0.25     0.20
  SINCE OCT 1      7.07                     11.60  -4.53     4.26
  SINCE JAN 1      1.81                      8.02  -6.21     3.02

SNOWFALL (IN)
  YESTERDAY        0.0
  MONTH TO DATE    0.0
  SINCE MAR 1      0.0
  SINCE JUL 1      0.0

DEGREE DAYS
 HEATING
  YESTERDAY        1                         3     -2        0
  MONTH TO DATE   21                        79    -58       43
  SINCE MAR 1     63                       258   -195      121
  SINCE JUL 1    486                      1149   -663      699

 COOLING
  YESTERDAY        0                         1     -1        2
  MONTH TO DATE   32                        20     12       33
  SINCE MAR 1    150                        30    120       56
  SINCE JAN 1    187                        38    149       71
..................................................................


WIND (MPH)
  HIGHEST WIND SPEED    14   HIGHEST WIND DIRECTION    SW (210)
  HIGHEST GUST SPEED    19   HIGHEST GUST DIRECTION    SW (210)
  AVERAGE WIND SPEED     5.8


SKY COVER
  POSSIBLE SUNSHINE  MM
  AVERAGE SKY COVER 0.5


WEATHER CONDITIONS
 THE FOLLOWING WEATHER WAS RECORDED YESTERDAY.
  HAZE


RELATIVE HUMIDITY (PERCENT)
 HIGHEST    86           100 AM
 LOWEST     47           300 PM
 AVERAGE    67

..........................................................


THE LONG BEACH AIRPORT CA CLIMATE NORMALS FOR TODAY
                         NORMAL    RECORD    YEAR
 MAXIMUM TEMPERATURE (F)   72        94      1987
 MINIMUM TEMPERATURE (F)   54        44      1973


SUNRISE AND SUNSET
APRIL 21 2015.........SUNRISE   615 AM PDT   SUNSET   728 PM PDT
APRIL 22 2015.........SUNRISE   614 AM PDT   SUNSET   729 PM PDT


-  INDICATES NEGATIVE NUMBERS.
R  INDICATES RECORD WAS SET OR TIED.
MM INDICATES DATA IS MISSING.
T  INDICATES TRACE AMOUNT.




$$
