000
CDUS44 KCRP 050927
CLILRD

CLIMATE REPORT
NATIONAL WEATHER SERVICE CORPUS CHRISTI TX
423 AM CDT TUE MAY 5 2015


...................................

...THE LAREDO CLIMATE SUMMARY FOR MAY 4 2015...

CLIMATE NORMAL PERIOD 1981 TO 2010
CLIMATE RECORD PERIOD 1900 TO 2015


WEATHER ITEM   OBSERVED TIME   RECORD YEAR NORMAL DEPARTURE LAST
                VALUE   (LST)  VALUE       VALUE  FROM      YEAR
                                                  NORMAL
..................................................................
TEMPERATURE (F)
 YESTERDAY
  MAXIMUM         81    529 PM 107    1999  91    -10       95
  MINIMUM         73   1155 PM  48    1918  69      4       63
  AVERAGE         77                        80     -3       79

PRECIPITATION (IN)
  YESTERDAY        T             2.24 1981   0.08  -0.08     0.00
  MONTH TO DATE    T                         0.29  -0.29      T
  SINCE MAR 1      7.05                      2.83   4.22     1.11
  SINCE JAN 1      7.93                      4.67   3.26     1.32

SNOWFALL (IN)
  YESTERDAY        0.0
  MONTH TO DATE    0.0
  SINCE MAR 1      0.0
  SINCE JUL 1      0.0

DEGREE DAYS
 HEATING
  YESTERDAY        0                         0      0        0
  MONTH TO DATE    0                         0      0        0
  SINCE MAR 1    129                        82     47      104
  SINCE JUL 1   1064                       926    138     1095

 COOLING
  YESTERDAY       12                        15     -3       14
  MONTH TO DATE   41                        59    -18       36
  SINCE MAR 1    444                       574   -130      558
  SINCE JAN 1    492                       659   -167      670
..................................................................


WIND (MPH)
  HIGHEST WIND SPEED    23   HIGHEST WIND DIRECTION    SE (120)
  HIGHEST GUST SPEED    28   HIGHEST GUST DIRECTION    SE (120)
  AVERAGE WIND SPEED    15.1


SKY COVER
  POSSIBLE SUNSHINE  MM
  AVERAGE SKY COVER 0.9


WEATHER CONDITIONS
 THE FOLLOWING WEATHER WAS RECORDED YESTERDAY.
  NO SIGNIFICANT WEATHER WAS OBSERVED.


RELATIVE HUMIDITY (PERCENT)
 HIGHEST    87           200 AM
 LOWEST     58           600 PM

..........................................................


THE LAREDO CLIMATE NORMALS FOR TODAY
                         NORMAL    RECORD    YEAR
 MAXIMUM TEMPERATURE (F)   91       109      1906
 MINIMUM TEMPERATURE (F)   69        52      1935


SUNRISE AND SUNSET
MAY  5 2015...........SUNRISE   656 AM CDT   SUNSET   814 PM CDT
MAY  6 2015...........SUNRISE   655 AM CDT   SUNSET   814 PM CDT


-  INDICATES NEGATIVE NUMBERS.
R  INDICATES RECORD WAS SET OR TIED.
MM INDICATES DATA IS MISSING.
T  INDICATES TRACE AMOUNT.




$$
