000
CDUS43 KTOP 260638
CLILWC


CLIMATE REPORT
NATIONAL WEATHER SERVICE TOPEKA KS
137 AM CDT SUN APR 26 2015


...................................

...THE LAWRENCE KS CLIMATE SUMMARY FOR APRIL 25 2015...

CLIMATE NORMAL PERIOD 1981 TO 2010
CLIMATE RECORD PERIOD 9999 TO 9999


WEATHER ITEM   OBSERVED NORMAL DEPARTURE LAST
                VALUE   VALUE  FROM      YEAR
                               NORMAL
...............................................
TEMPERATURE (F)
 YESTERDAY
  MAXIMUM         66     70     -4       80
  MINIMUM         49     46      3       37
  AVERAGE         58     58      0       59

PRECIPITATION (IN)
  YESTERDAY        0.42   0.14   0.28     0.00
  MONTH TO DATE    2.80   2.97  -0.17     2.94
  SINCE MAR 1      3.52   5.59  -2.07     3.91
  SINCE JAN 1      5.21   7.90  -2.69     4.96

DEGREE DAYS
 HEATING
  YESTERDAY        7      8     -1        6
  MONTH TO DATE  207    288    -81      312
  SINCE MAR 1    799    929   -130     1053
  SINCE JUL 1   5088   4944    144     5479

 COOLING
  YESTERDAY        0      1     -1        0
  MONTH TO DATE    5     18    -13        6
  SINCE MAR 1      5     21    -16        6
  SINCE JAN 1      5     21    -16        6
...............................................


WIND (MPH)
  HIGHEST WIND SPEED    22   HIGHEST WIND DIRECTION     N (360)
  HIGHEST GUST SPEED    27   HIGHEST GUST DIRECTION     N (360)
  AVERAGE WIND SPEED    11.0


SKY COVER
  AVERAGE SKY COVER 1.0


WEATHER CONDITIONS
 THE FOLLOWING WEATHER WAS RECORDED YESTERDAY.
  THUNDERSTORM
  RAIN
  LIGHT RAIN
  FOG


RELATIVE HUMIDITY (PERCENT)
 HIGHEST    93
 LOWEST     78
 AVERAGE    86

..........................................................


THE LAWRENCE KS CLIMATE NORMALS FOR TODAY
                         NORMAL
 MAXIMUM TEMPERATURE (F)   70
 MINIMUM TEMPERATURE (F)   46


SUNRISE AND SUNSET
APRIL 26 2015.........SUNRISE   629 AM CDT   SUNSET   809 PM CDT
APRIL 27 2015.........SUNRISE   628 AM CDT   SUNSET   810 PM CDT


-  INDICATES NEGATIVE NUMBERS.
R  INDICATES RECORD WAS SET OR TIED.
MM INDICATES DATA IS MISSING.
T  INDICATES TRACE AMOUNT.




$$
