000
CDUS46 KOTX 200051
CLILWS


CLIMATE REPORT
NATIONAL WEATHER SERVICE SPOKANE, WA
550 PM PDT SUN APR 19 2015


...................................

...THE LEWISTON ID AIRPORT CLIMATE SUMMARY FOR APRIL 19 2015...
VALID AS OF 0500 PM LOCAL TIME.

CLIMATE NORMAL PERIOD 1981 TO 2010
CLIMATE RECORD PERIOD 1881 TO 2015


WEATHER ITEM   OBSERVED TIME   RECORD YEAR NORMAL DEPARTURE LAST
                VALUE   (LST)  VALUE       VALUE  FROM      YEAR
                                                  NORMAL
..................................................................
TEMPERATURE (F)
 TODAY
  MAXIMUM         74    335 PM  87    1908  63     11       70
  MINIMUM         41    544 AM  20    1966  41      0       35
  AVERAGE         58                        52      6       53

PRECIPITATION (IN)
  TODAY            0.00          0.58 1905   0.05  -0.05      T
  MONTH TO DATE    0.24                      0.80  -0.56     0.47
  SINCE OCT 1      7.90                      6.92   0.98     5.77
  SINCE JAN 1      3.71                      3.81  -0.10     4.24

SNOWFALL (IN)
  TODAY            0.0           0.2  1961   0.0    0.0      0.0
  MONTH TO DATE    0.0                       0.0    0.0      0.0
  SINCE MAR 1      0.0                       0.7   -0.7      0.6
  SINCE JUL 1      1.5                      10.5   -9.0     16.5
  SNOW DEPTH       0

DEGREE DAYS
 HEATING
  TODAY            7                        13     -6       12
  MONTH TO DATE  290                       282      8      253
  SINCE MAR 1    779                       894   -115      850
  SINCE JUL 1   4001                      4749   -748     5011

 COOLING
  TODAY            0                         0      0        0
  MONTH TO DATE    0                         0      0        0
  SINCE MAR 1      0                         0      0        0
  SINCE JAN 1      0                         0      0        0
..................................................................


WIND (MPH)
  HIGHEST WIND SPEED    15   HIGHEST WIND DIRECTION    NW (310)
  HIGHEST GUST SPEED    19   HIGHEST GUST DIRECTION    NW (310)
  AVERAGE WIND SPEED     5.0


SKY COVER
  POSSIBLE SUNSHINE  MM
  AVERAGE SKY COVER 0.0


WEATHER CONDITIONS
 THE FOLLOWING WEATHER WAS RECORDED TODAY.
  NO SIGNIFICANT WEATHER WAS OBSERVED.


RELATIVE HUMIDITY (PERCENT)
 HIGHEST    62
 LOWEST     19
 AVERAGE    41

..........................................................


THE LEWISTON ID AIRPORT CLIMATE NORMALS FOR TOMORROW
                         NORMAL    RECORD    YEAR
 MAXIMUM TEMPERATURE (F)   63        88      1942
                                             1934
                                             1906
 MINIMUM TEMPERATURE (F)   41        23      1951
                                             1927


SUNRISE AND SUNSET
APRIL 19 2015.........SUNRISE   554 AM PDT   SUNSET   741 PM PDT
APRIL 20 2015.........SUNRISE   553 AM PDT   SUNSET   742 PM PDT


-  INDICATES NEGATIVE NUMBERS.
R  INDICATES RECORD WAS SET OR TIED.
MM INDICATES DATA IS MISSING.
T  INDICATES TRACE AMOUNT.




$$
