000
CDUS44 KLZK 190904
CLILZK


CLIMATE REPORT
NATIONAL WEATHER SERVICE LITTLE ROCK AR
404 AM CDT SUN APR 19 2015


...................................

...THE NORTH LITTLE ROCK CLIMATE SUMMARY FOR APRIL 18 2015...

CLIMATE NORMAL PERIOD 1981 TO 2010
CLIMATE RECORD PERIOD 1975 TO 2015


WEATHER ITEM   OBSERVED TIME   RECORD YEAR NORMAL DEPARTURE LAST
                VALUE   (LST)  VALUE       VALUE  FROM      YEAR
                                                  NORMAL
..................................................................
TEMPERATURE (F)
 YESTERDAY
  MAXIMUM         74        MM  93    2006  74      0       74
  MINIMUM         62        MM  36    1983  54      8       54
  AVERAGE         68                        64      4       64

PRECIPITATION (IN)
  YESTERDAY        0.03          1.22 1977   0.17  -0.14     0.01
  MONTH TO DATE    2.45                      2.76  -0.31     3.94
  SINCE MAR 1     11.22                      7.53   3.69     9.11
  SINCE JAN 1     17.40                     14.61   2.79    14.43

SNOWFALL (IN)
  YESTERDAY        0.0          MM      MM   0.0    0.0      0.0
  MONTH TO DATE    0.0                       0.0    0.0      0.0
  SINCE MAR 1      6.4                       0.4    6.0      1.6
  SINCE JUL 1     10.6                       4.4    6.2      5.2
  SNOW DEPTH       0

DEGREE DAYS
 HEATING
  YESTERDAY        0                         4     -4        1
  MONTH TO DATE   41                       103    -62      135
  SINCE MAR 1    444                       463    -19      624
  SINCE JUL 1   3241                      2949    292     3451

 COOLING
  YESTERDAY        3                         2      1        0
  MONTH TO DATE   49                        31     18       26
  SINCE MAR 1     63                        48     15       26
  SINCE JAN 1     63                        50     13       26
..................................................................


WIND (MPH)
  HIGHEST WIND SPEED    MM   HIGHEST WIND DIRECTION    MM
  HIGHEST GUST SPEED    MM   HIGHEST GUST DIRECTION    MM
  AVERAGE WIND SPEED    MM


SKY COVER
  POSSIBLE SUNSHINE  MM
  AVERAGE SKY COVER  MM


WEATHER CONDITIONS
 THE FOLLOWING WEATHER WAS RECORDED YESTERDAY.
  LIGHT RAIN
  FOG
  FOG W/VISIBILITY <= 1/4 MILE


RELATIVE HUMIDITY (PERCENT)
 HIGHEST    MM
 LOWEST     MM
 AVERAGE    MM

..........................................................


THE NORTH LITTLE ROCK CLIMATE NORMALS FOR TODAY
                         NORMAL    RECORD    YEAR
 MAXIMUM TEMPERATURE (F)   74        90      2011
                                             1987
 MINIMUM TEMPERATURE (F)   54        32      1983


SUNRISE AND SUNSET
APRIL 19 2015.........SUNRISE   633 AM CDT   SUNSET   744 PM CDT
APRIL 20 2015.........SUNRISE   631 AM CDT   SUNSET   745 PM CDT


-  INDICATES NEGATIVE NUMBERS.
R  INDICATES RECORD WAS SET OR TIED.
MM INDICATES DATA IS MISSING.
T  INDICATES TRACE AMOUNT.




$$
