000
CDUS44 KMAF 040730
CLIMAF


CLIMATE REPORT
NATIONAL WEATHER SERVICE MIDLAND/ODESSA TX
230 AM CDT MON MAY 4 2015


...................................

...THE MIDLAND CLIMATE SUMMARY FOR MAY 3 2015...

CLIMATE NORMAL PERIOD 1981 TO 2010
CLIMATE RECORD PERIOD 1930 TO 2015


WEATHER ITEM   OBSERVED TIME   RECORD YEAR NORMAL DEPARTURE LAST
                VALUE   (LST)  VALUE       VALUE  FROM      YEAR
                                                  NORMAL
..................................................................
TEMPERATURE (F)
 YESTERDAY
  MAXIMUM         88    354 PM  98    1947  84      4       89
  MINIMUM         58    631 AM  32    2013  55      3       55
  AVERAGE         73                        70      3       72

PRECIPITATION (IN)
  YESTERDAY        0.00          1.45 1941   0.03  -0.03     0.00
  MONTH TO DATE    0.00                      0.09  -0.09     0.00
  SINCE MAR 1      2.95                      1.34   1.61     0.64
  SINCE JAN 1      5.64                      2.61   3.03     0.90

DEGREE DAYS
 COOLING
  YESTERDAY        8                         6      2        7
  MONTH TO DATE   22                        17      5        7
  SINCE MAR 1    152                       123     29      174
  SINCE JAN 1    153                       125     28      176
..................................................................


WIND (MPH)
  HIGHEST WIND SPEED    28   HIGHEST WIND DIRECTION     S (160)
  HIGHEST GUST SPEED    33   HIGHEST GUST DIRECTION     S (160)
  AVERAGE WIND SPEED    15.1


SKY COVER
  POSSIBLE SUNSHINE  MM
  AVERAGE SKY COVER 0.0


WEATHER CONDITIONS
 THE FOLLOWING WEATHER WAS RECORDED YESTERDAY.
  NO SIGNIFICANT WEATHER WAS OBSERVED.


RELATIVE HUMIDITY (PERCENT)
 HIGHEST    64           600 AM
 LOWEST     24           400 PM
 AVERAGE    44

..........................................................


THE MIDLAND CLIMATE NORMALS FOR TODAY
                         NORMAL    RECORD    YEAR
 MAXIMUM TEMPERATURE (F)   85       103      1947
 MINIMUM TEMPERATURE (F)   56        38      1978
                                             1935


SUNRISE AND SUNSET
MAY  4 2015...........SUNRISE   700 AM CDT   SUNSET   831 PM CDT
MAY  5 2015...........SUNRISE   659 AM CDT   SUNSET   832 PM CDT


-  INDICATES NEGATIVE NUMBERS.
R  INDICATES RECORD WAS SET OR TIED.
MM INDICATES DATA IS MISSING.
T  INDICATES TRACE AMOUNT.




$$
