000
CDUS43 KDMX 170631
CLIMCW

CLIMATE REPORT
NATIONAL WEATHER SERVICE DES MOINES IA
128 AM CDT FRI APR 17 2015


...................................

...THE MASON CITY IA CLIMATE SUMMARY FOR APRIL 16 2015...

CLIMATE NORMAL PERIOD 1981 TO 2010
CLIMATE RECORD PERIOD 1893 TO 2015


WEATHER ITEM   OBSERVED TIME   RECORD YEAR NORMAL DEPARTURE LAST
                VALUE   (LST)  VALUE       VALUE  FROM      YEAR
                                                  NORMAL
..................................................................
TEMPERATURE (F)
 YESTERDAY
  MAXIMUM         72    529 PM  88    2004  59     13       59
                                      1964
  MINIMUM         49   1018 PM  18    1928  35     14       32
  AVERAGE         61                        47     14       46

PRECIPITATION (IN)
  YESTERDAY        T             1.50 2006   0.13  -0.13      T
  MONTH TO DATE    2.37                      1.85   0.52     1.75
  SINCE MAR 1      3.44                      4.08  -0.64     2.96
  SINCE JAN 1      5.51                      5.90  -0.39     5.98

SNOWFALL (IN)
  YESTERDAY        0.0           0.5  1928   0.1   -0.1      0.0
  MONTH TO DATE    0.6                       1.9   -1.3      5.0
  SINCE MAR 1      4.2                       7.9   -3.7     11.9
  SINCE JUL 1     40.0                      40.4   -0.4     58.0
  SNOW DEPTH       0

DEGREE DAYS
 HEATING
  YESTERDAY        4                        18    -14       19
  MONTH TO DATE  269                       345    -76      372
  SINCE MAR 1   1190                      1339   -149     1567
  SINCE JUL 1   7253                      7190     63     8113

 COOLING
  YESTERDAY        0                         0      0        0
  MONTH TO DATE    0                         0      0        0
  SINCE MAR 1      0                         0      0        0
  SINCE JAN 1      0                         0      0        0
..................................................................


WIND (MPH)
  HIGHEST WIND SPEED    16   HIGHEST WIND DIRECTION    SE (120)
  HIGHEST GUST SPEED    20   HIGHEST GUST DIRECTION    SE (130)
  AVERAGE WIND SPEED     6.2


SKY COVER
  POSSIBLE SUNSHINE  MM
  AVERAGE SKY COVER 0.8


WEATHER CONDITIONS
 THE FOLLOWING WEATHER WAS RECORDED YESTERDAY.
  NO SIGNIFICANT WEATHER WAS OBSERVED.


RELATIVE HUMIDITY (PERCENT)
 HIGHEST    83          1100 PM
 LOWEST     30          1200 PM
 AVERAGE    57

..........................................................


THE MASON CITY IA CLIMATE NORMALS FOR TODAY
                         NORMAL    RECORD    YEAR
 MAXIMUM TEMPERATURE (F)   59        88      1985
 MINIMUM TEMPERATURE (F)   36        18      1907


SUNRISE AND SUNSET
APRIL 17 2015.........SUNRISE   628 AM CDT   SUNSET   758 PM CDT
APRIL 18 2015.........SUNRISE   627 AM CDT   SUNSET   759 PM CDT


-  INDICATES NEGATIVE NUMBERS.
R  INDICATES RECORD WAS SET OR TIED.
MM INDICATES DATA IS MISSING.
T  INDICATES TRACE AMOUNT.




$$
