000
CDUS44 KMEG 280641
CLIMEG


CLIMATE REPORT
NATIONAL WEATHER SERVICE MEMPHIS TN
141 AM CDT TUE APR 28 2015


...................................

...THE MEMPHIS/GERMANTOWN WFO CLIMATE SUMMARY FOR APRIL 27 2015...

CLIMATE NORMAL PERIOD 1981 TO 2010
CLIMATE RECORD PERIOD 1988 TO 2015


WEATHER ITEM   OBSERVED TIME   RECORD YEAR NORMAL DEPARTURE LAST
                VALUE   (LST)  VALUE       VALUE  FROM      YEAR
                                                  NORMAL
..................................................................
TEMPERATURE (F)
 YESTERDAY
  MAXIMUM         67    427 PM  88    1989  75     -8       71
  MINIMUM         49    519 AM  39    1992  53     -4       64
  AVERAGE         58                        64     -6       68

PRECIPITATION (IN)
  YESTERDAY        0.00          2.96 1999   0.18  -0.18     1.61
  MONTH TO DATE    3.42                      4.77  -1.35     5.33
  SINCE MAR 1     10.08                      9.72   0.36    11.37
  SINCE JAN 1     16.16                     18.35  -2.19    19.99

SNOWFALL (IN)
  YESTERDAY        0.0          MM      MM   0.0    0.0      0.0
  MONTH TO DATE    0.0                       0.0    0.0      0.0
  SINCE MAR 1      4.1                       0.8    3.3      0.3
  SINCE JUL 1      6.3                       2.4    3.9      0.8
  SNOW DEPTH      MM

DEGREE DAYS
 HEATING
  YESTERDAY        7                         4      3        0
  MONTH TO DATE   90                       181    -91      145
  SINCE MAR 1    511                       617   -106      667
  SINCE JUL 1   3418                      3363     55     3671

 COOLING
  YESTERDAY        0                         3     -3        3
  MONTH TO DATE   74                        46     28       44
  SINCE MAR 1     77                        57     20       46
  SINCE JAN 1     77                        58     19       46
..................................................................







THE MEMPHIS/GERMANTOWN WFO CLIMATE NORMALS FOR TODAY
                         NORMAL    RECORD    YEAR
 MAXIMUM TEMPERATURE (F)   76        89      2001
 MINIMUM TEMPERATURE (F)   53        35      1992


SUNRISE AND SUNSET
APRIL 28 2015.........SUNRISE   612 AM CDT   SUNSET   742 PM CDT
APRIL 29 2015.........SUNRISE   611 AM CDT   SUNSET   743 PM CDT


-  INDICATES NEGATIVE NUMBERS.
R  INDICATES RECORD WAS SET OR TIED.
MM INDICATES DATA IS MISSING.
T  INDICATES TRACE AMOUNT.




$$
