000
CDUS44 KMEG 032151
CLIMEM


CLIMATE REPORT
NATIONAL WEATHER SERVICE MEMPHIS TN
450 PM CDT SUN MAY 3 2015


...................................

...THE MEMPHIS CLIMATE SUMMARY FOR MAY 3 2015...
VALID TODAY AS OF 0400 PM LOCAL TIME.

CLIMATE NORMAL PERIOD 1981 TO 2010
CLIMATE RECORD PERIOD 1872 TO 2015


WEATHER ITEM   OBSERVED TIME   RECORD YEAR NORMAL DEPARTURE LAST
                VALUE   (LST)  VALUE       VALUE  FROM      YEAR
                                                  NORMAL
..................................................................
TEMPERATURE (F)
 TODAY
  MAXIMUM         82    326 PM  91    1952  78      4       79
  MINIMUM         54    351 AM  37    2013  58     -4       50
  AVERAGE         68                        68      0       65

PRECIPITATION (IN)
  TODAY            0.00          3.05 1979   0.19  -0.19     0.00
  MONTH TO DATE    0.00                      0.56  -0.56     0.00
  SINCE MAR 1      8.55                     11.22  -2.67    13.52
  SINCE JAN 1     14.20                     19.59  -5.39    21.64

SNOWFALL (IN)
  TODAY            0.0

DEGREE DAYS
 HEATING
  TODAY            0                         1     -1        0
  MONTH TO DATE    3                         4     -1       14
  SINCE MAR 1    451                       499    -48      623
  SINCE JUL 1   3174                      2949    225     3449

 COOLING
  TODAY            3                         4     -1        0
  MONTH TO DATE    3                        12     -9        0
  SINCE MAR 1     93                       104    -11       56
  SINCE JAN 1     93                       107    -14       56
..................................................................


WIND (MPH)
  HIGHEST WIND SPEED    13   HIGHEST WIND DIRECTION     S (200)
  HIGHEST GUST SPEED    23   HIGHEST GUST DIRECTION     W (250)
  AVERAGE WIND SPEED     4.7


SKY COVER
  POSSIBLE SUNSHINE  MM
  AVERAGE SKY COVER 0.4


WEATHER CONDITIONS
 THE FOLLOWING WEATHER WAS RECORDED TODAY.
  NO SIGNIFICANT WEATHER WAS OBSERVED.


RELATIVE HUMIDITY (PERCENT)
 HIGHEST    72           400 AM
 LOWEST     31           200 PM
 AVERAGE    52

..........................................................


THE MEMPHIS CLIMATE NORMALS FOR TOMORROW
                         NORMAL    RECORD    YEAR
 MAXIMUM TEMPERATURE (F)   78        91      2012
 MINIMUM TEMPERATURE (F)   59        36      2013


SUNRISE AND SUNSET
MAY  3 2015...........SUNRISE   607 AM CDT   SUNSET   747 PM CDT
MAY  4 2015...........SUNRISE   606 AM CDT   SUNSET   748 PM CDT


-  INDICATES NEGATIVE NUMBERS.
R  INDICATES RECORD WAS SET OR TIED.
MM INDICATES DATA IS MISSING.
T  INDICATES TRACE AMOUNT.




$$
