000
CDUS41 KCLE 060633
CLIMFD


CLIMATE REPORT
NATIONAL WEATHER SERVICE CLEVELAND OH
137 AM EDT WED MAY 6 2015


...................................

...THE MANSFIELD OH CLIMATE SUMMARY FOR MAY 5 2015...

CLIMATE NORMAL PERIOD 1981 TO 2010
CLIMATE RECORD PERIOD 1916 TO 2015


WEATHER ITEM   OBSERVED TIME   RECORD YEAR NORMAL DEPARTURE LAST
                VALUE   (LST)  VALUE       VALUE  FROM      YEAR
                                                  NORMAL
..................................................................
TEMPERATURE (F)
 YESTERDAY
  MAXIMUM         77    233 PM  86    1952  66     11       53
  MINIMUM         54   1159 PM  26    1957  45      9       37
  AVERAGE         66                        56     10       45

PRECIPITATION (IN)
  YESTERDAY        0.53                      0.14   0.39      T
  MONTH TO DATE    0.66                      0.68  -0.02     0.02
  SINCE MAR 1      8.90                      8.21   0.69     9.02
  SINCE JAN 1     14.06                     13.47   0.59    13.35

SNOWFALL (IN)
  YESTERDAY        0.0                       0.0    0.0      0.0
  MONTH TO DATE    0.0                       0.0    0.0      0.0
  SINCE MAR 1     10.7                      10.4    0.3     11.5
  SINCE JUL 1     63.2                      48.3   14.9     65.4
  SNOW DEPTH       0

DEGREE DAYS
 HEATING
  YESTERDAY        0                        10    -10       20
  MONTH TO DATE   20                        53    -33       76
  SINCE MAR 1   1397                      1413    -16     1545
  SINCE JUL 1   6469                      6038    431     6589

 COOLING
  YESTERDAY        1                         0      1        0
  MONTH TO DATE    3                         0      3        0
  SINCE MAR 1      3                         8     -5        2
  SINCE JAN 1      3                         8     -5        2
..................................................................


WIND (MPH)
  HIGHEST WIND SPEED    20   HIGHEST WIND DIRECTION    NW (320)
  HIGHEST GUST SPEED    23   HIGHEST GUST DIRECTION    NW (320)
  AVERAGE WIND SPEED     6.0


SKY COVER
  POSSIBLE SUNSHINE  MM
  AVERAGE SKY COVER 0.6


WEATHER CONDITIONS
 THE FOLLOWING WEATHER WAS RECORDED YESTERDAY.
  THUNDERSTORM
  HEAVY RAIN
  RAIN
  LIGHT RAIN
  FOG
  HAZE


RELATIVE HUMIDITY (PERCENT)
 HIGHEST   100          1200 AM
 LOWEST     57           200 PM
 AVERAGE    79

..........................................................


THE MANSFIELD OH CLIMATE NORMALS FOR TODAY
                         NORMAL    RECORD    YEAR
 MAXIMUM TEMPERATURE (F)   67        86      1959
 MINIMUM TEMPERATURE (F)   45        24      1957


SUNRISE AND SUNSET
MAY  6 2015...........SUNRISE   623 AM EDT   SUNSET   831 PM EDT
MAY  7 2015...........SUNRISE   621 AM EDT   SUNSET   832 PM EDT


-  INDICATES NEGATIVE NUMBERS.
R  INDICATES RECORD WAS SET OR TIED.
MM INDICATES DATA IS MISSING.
T  INDICATES TRACE AMOUNT.




$$
