000
CDUS44 KBMX 250813
CLIMGM


CLIMATE REPORT
NATIONAL WEATHER SERVICE BIRMINGHAM, AL
313 AM CDT SAT APR 25 2015


...................................

...THE MONTGOMERY CLIMATE SUMMARY FOR APRIL 24 2015...

CLIMATE NORMAL PERIOD 1981 TO 2010
CLIMATE RECORD PERIOD 1994 TO 2015


WEATHER ITEM   OBSERVED TIME   RECORD YEAR NORMAL DEPARTURE LAST
                VALUE   (LST)  VALUE       VALUE  FROM      YEAR
                                                  NORMAL
..................................................................
TEMPERATURE (F)
 YESTERDAY
  MAXIMUM         80    302 PM  91    1925  79      1       87
  MINIMUM         55    539 AM  36    1986  54      1       56
  AVERAGE         68                        66      2       72

PRECIPITATION (IN)
  YESTERDAY        0.00          3.92 1908   0.11  -0.11     0.00
  MONTH TO DATE    5.66                      3.36   2.30     7.94
  SINCE MAR 1      7.66                      9.31  -1.65    13.46
  SINCE JAN 1     15.32                     19.24  -3.92    21.13

SNOWFALL (IN)
  YESTERDAY        0.0                       0.0    0.0      0.0
  MONTH TO DATE    0.0                       0.0    0.0      0.0
  SINCE MAR 1      0.0                       0.3   -0.3      0.0
  SINCE JUL 1      0.0                       0.4   -0.4      0.5
  SNOW DEPTH       0

DEGREE DAYS
 HEATING
  YESTERDAY        0                         2     -2        0
  MONTH TO DATE   11                        89    -78       59
  SINCE MAR 1    163                       344   -181      339
  SINCE JUL 1   2133                      2216    -83     2297

 COOLING
  YESTERDAY        3                         3      0        7
  MONTH TO DATE  126                        50     76       48
  SINCE MAR 1    197                        73    124       51
  SINCE JAN 1    197                        79    118       58
..................................................................


WIND (MPH)
  HIGHEST WIND SPEED    15   HIGHEST WIND DIRECTION    NE (60)
  HIGHEST GUST SPEED    18   HIGHEST GUST DIRECTION    NE (60)
  AVERAGE WIND SPEED     4.3


SKY COVER
  AVERAGE SKY COVER 0.1


WEATHER CONDITIONS
 THE FOLLOWING WEATHER WAS RECORDED YESTERDAY.
  NO SIGNIFICANT WEATHER WAS OBSERVED.


RELATIVE HUMIDITY (PERCENT)
 HIGHEST    77           300 AM
 LOWEST     29          1000 AM
 AVERAGE    53

..........................................................


THE MONTGOMERY CLIMATE NORMALS FOR TODAY
                         NORMAL    RECORD    YEAR
 MAXIMUM TEMPERATURE (F)   79        89      2009
                                             1960
 MINIMUM TEMPERATURE (F)   54        34      1910


SUNRISE AND SUNSET
APRIL 25 2015.........SUNRISE   606 AM CDT   SUNSET   722 PM CDT
APRIL 26 2015.........SUNRISE   604 AM CDT   SUNSET   723 PM CDT


-  INDICATES NEGATIVE NUMBERS.
R  INDICATES RECORD WAS SET OR TIED.
MM INDICATES DATA IS MISSING.
T  INDICATES TRACE AMOUNT.




$$
