000
CDUS43 KTOP 250634
CLIMHK


CLIMATE REPORT
NATIONAL WEATHER SERVICE TOPEKA KS
132 AM CDT SAT APR 25 2015


...................................

...THE MANHATTAN KS CLIMATE SUMMARY FOR APRIL 24 2015...

CLIMATE NORMAL PERIOD 1981 TO 2010
CLIMATE RECORD PERIOD 9999 TO 9999


WEATHER ITEM   OBSERVED NORMAL DEPARTURE LAST
                VALUE   VALUE  FROM      YEAR
                               NORMAL
...............................................
TEMPERATURE (F)
 YESTERDAY
  MAXIMUM         67     69     -2       73
  MINIMUM         55     44     11       42
  AVERAGE         61     57      4       58

PRECIPITATION (IN)
  YESTERDAY        0.70   0.11   0.59     0.89
  MONTH TO DATE    2.34   2.01   0.33     1.56
  SINCE MAR 1      2.60   4.21  -1.61     2.09
  SINCE JAN 1      4.06   5.93  -1.87     3.31

DEGREE DAYS
 HEATING
  YESTERDAY        4      9     -5        7
  MONTH TO DATE  185    298   -113      290
  SINCE MAR 1    766    974   -208     1040
  SINCE JUL 1   4960   5134   -174     5571

 COOLING
  YESTERDAY        0      1     -1        0
  MONTH TO DATE    6     13     -7       22
  SINCE MAR 1      8     15     -7       22
  SINCE JAN 1      8     15     -7       22
...............................................


WIND (MPH)
  HIGHEST WIND SPEED    20   HIGHEST WIND DIRECTION     W (280)
  HIGHEST GUST SPEED    26   HIGHEST GUST DIRECTION     W (290)
  AVERAGE WIND SPEED    10.2


SKY COVER
  AVERAGE SKY COVER 0.9


WEATHER CONDITIONS
 THE FOLLOWING WEATHER WAS RECORDED YESTERDAY.
  HEAVY RAIN
  RAIN
  LIGHT RAIN
  FOG


RELATIVE HUMIDITY (PERCENT)
 HIGHEST    93
 LOWEST     57
 AVERAGE    75

..........................................................


THE MANHATTAN KS CLIMATE NORMALS FOR TODAY
                         NORMAL
 MAXIMUM TEMPERATURE (F)   70
 MINIMUM TEMPERATURE (F)   44


SUNRISE AND SUNSET
APRIL 25 2015.........SUNRISE   636 AM CDT   SUNSET   814 PM CDT
APRIL 26 2015.........SUNRISE   635 AM CDT   SUNSET   815 PM CDT


-  INDICATES NEGATIVE NUMBERS.
R  INDICATES RECORD WAS SET OR TIED.
MM INDICATES DATA IS MISSING.
T  INDICATES TRACE AMOUNT.




$$
